CRAN Package Check Results for Package penppml

Last updated on 2023-05-31 07:57:38 CEST.

Flavor Version Tinstall Tcheck Ttotal Status Flags
r-devel-linux-x86_64-debian-clang 0.2.2 47.80 459.15 506.95 OK
r-devel-linux-x86_64-debian-gcc 0.2.2 42.72 323.68 366.40 OK
r-devel-linux-x86_64-fedora-clang 0.2.2 653.05 NOTE
r-devel-linux-x86_64-fedora-gcc 0.2.2 628.04 NOTE
r-devel-windows-x86_64 0.2.2 42.00 364.00 406.00 OK
r-patched-linux-x86_64 0.2.2 34.94 417.69 452.63 OK
r-release-linux-x86_64 0.2.2 32.02 424.06 456.08 OK
r-release-macos-arm64 0.2.2 206.00 NOTE
r-release-macos-x86_64 0.2.1 310.00 NOTE
r-release-windows-x86_64 0.2.2 54.00 432.00 486.00 OK
r-oldrel-macos-arm64 0.2.2 185.00 NOTE
r-oldrel-macos-x86_64 0.2.2 229.00 NOTE
r-oldrel-windows-x86_64 0.2.2 52.00 424.00 476.00 OK

Check Details

Version: 0.2.2
Check: dependencies in R code
Result: NOTE
    Namespace in Imports field not imported from: ‘fixest’
     All declared Imports should be used.
Flavors: r-devel-linux-x86_64-fedora-clang, r-devel-linux-x86_64-fedora-gcc

Version: 0.2.2
Check: installed package size
Result: NOTE
     installed size is 9.9Mb
     sub-directories of 1Mb or more:
     data 1.8Mb
     libs 7.7Mb
Flavors: r-release-macos-arm64, r-oldrel-macos-arm64, r-oldrel-macos-x86_64

Version: 0.2.1
Check: installed package size
Result: NOTE
     installed size is 10.3Mb
     sub-directories of 1Mb or more:
     data 2.8Mb
     libs 7.0Mb
Flavor: r-release-macos-x86_64