Last updated on 2024-04-26 19:49:19 CEST.
Flavor | Version | Tinstall | Tcheck | Ttotal | Status | Flags |
---|---|---|---|---|---|---|
r-devel-linux-x86_64-debian-clang | 0.2.3 | 54.00 | 136.17 | 190.17 | OK | |
r-devel-linux-x86_64-debian-gcc | 0.2.3 | 44.33 | 101.84 | 146.17 | OK | |
r-devel-linux-x86_64-fedora-clang | 0.2.3 | 246.70 | NOTE | |||
r-devel-linux-x86_64-fedora-gcc | 0.2.3 | 255.64 | NOTE | |||
r-devel-windows-x86_64 | 0.2.3 | 42.00 | 141.00 | 183.00 | OK | |
r-patched-linux-x86_64 | 0.2.3 | 38.34 | 129.85 | 168.19 | OK | |
r-release-linux-x86_64 | 0.2.3 | 38.10 | 133.75 | 171.85 | OK | |
r-release-macos-arm64 | 0.2.3 | 70.00 | NOTE | |||
r-release-windows-x86_64 | 0.2.3 | 44.00 | 138.00 | 182.00 | OK | |
r-oldrel-macos-arm64 | 0.2.3 | 109.00 | NOTE | |||
r-oldrel-macos-x86_64 | 0.2.3 | 137.00 | NOTE | |||
r-oldrel-windows-x86_64 | 0.2.3 | 56.00 | 167.00 | 223.00 | OK |
Version: 0.2.3
Check: dependencies in R code
Result: NOTE
Namespace in Imports field not imported from: ‘fixest’
All declared Imports should be used.
Flavors: r-devel-linux-x86_64-fedora-clang, r-devel-linux-x86_64-fedora-gcc
Version: 0.2.3
Check: installed package size
Result: NOTE
installed size is 11.2Mb
sub-directories of 1Mb or more:
data 1.8Mb
libs 9.1Mb
Flavors: r-release-macos-arm64, r-oldrel-macos-arm64, r-oldrel-macos-x86_64