CRAN Package Check Results for Package pencopulaCond

Last updated on 2023-05-28 20:04:05 CEST.

Flavor Version Tinstall Tcheck Ttotal Status Flags
r-devel-linux-x86_64-debian-clang 0.2 20.16 132.08 152.24 NOTE
r-devel-linux-x86_64-debian-gcc 0.2 15.04 100.96 116.00 NOTE
r-devel-linux-x86_64-fedora-clang 0.2 204.90 NOTE
r-devel-linux-x86_64-fedora-gcc 0.2 197.06 NOTE
r-devel-windows-x86_64 0.2 18.00 104.00 122.00 NOTE
r-patched-linux-x86_64 0.2 13.02 127.27 140.29 NOTE
r-release-linux-x86_64 0.2 15.22 126.91 142.13 NOTE
r-release-macos-arm64 0.2 64.00 NOTE
r-release-macos-x86_64 0.2 91.00 NOTE
r-release-windows-x86_64 0.2 22.00 125.00 147.00 NOTE
r-oldrel-macos-arm64 0.2 47.00 OK
r-oldrel-macos-x86_64 0.2 90.00 OK
r-oldrel-windows-x86_64 0.2 22.00 134.00 156.00 OK

Check Details

Version: 0.2
Check: Rd files
Result: NOTE
    checkRd: (-1) my.bspline.Rd:38: Escaped LaTeX specials: \$ \$ \$
Flavors: r-devel-linux-x86_64-debian-clang, r-devel-linux-x86_64-debian-gcc, r-devel-linux-x86_64-fedora-clang, r-devel-linux-x86_64-fedora-gcc, r-devel-windows-x86_64, r-patched-linux-x86_64, r-release-linux-x86_64, r-release-macos-arm64, r-release-macos-x86_64, r-release-windows-x86_64