Last updated on 2023-06-01 19:52:40 CEST.
Flavor | Version | Tinstall | Tcheck | Ttotal | Status | Flags |
---|---|---|---|---|---|---|
r-devel-linux-x86_64-debian-clang | 1.0.2 | 160.61 | 95.89 | 256.50 | NOTE | |
r-devel-linux-x86_64-debian-gcc | 1.0.2 | 137.36 | 78.36 | 215.72 | NOTE | |
r-devel-linux-x86_64-fedora-clang | 1.0.2 | 392.16 | NOTE | |||
r-devel-linux-x86_64-fedora-gcc | 1.0.2 | 383.54 | NOTE | |||
r-devel-windows-x86_64 | 1.0.2 | 132.00 | 99.00 | 231.00 | NOTE | |
r-patched-linux-x86_64 | 1.0.2 | NOTE | ||||
r-release-linux-x86_64 | 1.0.2 | 144.31 | 92.32 | 236.63 | NOTE | |
r-release-macos-arm64 | 1.0.2 | 91.00 | NOTE | |||
r-release-macos-x86_64 | 1.0.2 | 151.00 | NOTE | |||
r-release-windows-x86_64 | 1.0.2 | 167.00 | 126.00 | 293.00 | NOTE | |
r-oldrel-macos-arm64 | 1.0.2 | 80.00 | NOTE | |||
r-oldrel-macos-x86_64 | 1.0.2 | 104.00 | NOTE | |||
r-oldrel-windows-x86_64 | 1.0.2 | 167.00 | 114.00 | 281.00 | OK |
Version: 1.0.2
Check: C++ specification
Result: NOTE
Specified C++11: please drop specification unless essential
Flavors: r-devel-linux-x86_64-debian-clang, r-devel-linux-x86_64-debian-gcc, r-devel-linux-x86_64-fedora-clang, r-devel-linux-x86_64-fedora-gcc, r-devel-windows-x86_64, r-patched-linux-x86_64, r-release-linux-x86_64, r-release-macos-arm64, r-release-macos-x86_64, r-release-windows-x86_64
Version: 1.0.2
Check: installed package size
Result: NOTE
installed size is 6.3Mb
sub-directories of 1Mb or more:
libs 6.1Mb
Flavors: r-release-macos-arm64, r-release-macos-x86_64, r-oldrel-macos-arm64, r-oldrel-macos-x86_64