Last updated on 2023-09-22 08:55:54 CEST.
Flavor | Version | Tinstall | Tcheck | Ttotal | Status | Flags |
---|---|---|---|---|---|---|
r-devel-linux-x86_64-debian-clang | 1.2 | 15.82 | 109.96 | 125.78 | OK | |
r-devel-linux-x86_64-debian-gcc | 1.2 | 10.88 | 82.05 | 92.93 | OK | |
r-devel-linux-x86_64-fedora-clang | 1.2 | 159.20 | OK | |||
r-devel-linux-x86_64-fedora-gcc | 1.2 | 159.96 | OK | |||
r-devel-windows-x86_64 | 1.2 | 14.00 | 144.00 | 158.00 | OK | |
r-patched-linux-x86_64 | 1.2 | 14.12 | 106.27 | 120.39 | OK | |
r-release-linux-x86_64 | 1.2 | 9.87 | 108.40 | 118.27 | OK | |
r-release-macos-arm64 | 1.2 | 55.00 | NOTE | |||
r-release-macos-x86_64 | 1.2 | 90.00 | OK | |||
r-release-windows-x86_64 | 1.2 | 18.00 | 157.00 | 175.00 | OK | |
r-oldrel-macos-arm64 | 1.2 | 50.00 | OK | |||
r-oldrel-macos-x86_64 | 1.2 | 64.00 | OK | |||
r-oldrel-windows-x86_64 | 1.2 | 17.00 | 160.00 | 177.00 | OK |
Version: 1.2
Check: package dependencies
Result: NOTE
Package suggested but not available for checking: ‘snpStats’
Flavor: r-release-macos-arm64