Last updated on 2024-03-28 19:48:39 CET.
Flavor | Version | Tinstall | Tcheck | Ttotal | Status | Flags |
---|---|---|---|---|---|---|
r-devel-linux-x86_64-debian-clang | 1.3 | 11.30 | 110.37 | 121.67 | OK | |
r-devel-linux-x86_64-debian-gcc | 1.3 | 10.34 | 83.62 | 93.96 | OK | |
r-devel-linux-x86_64-fedora-clang | 1.3 | 151.89 | OK | |||
r-devel-linux-x86_64-fedora-gcc | 1.3 | 164.14 | OK | |||
r-devel-windows-x86_64 | 1.3 | 14.00 | 147.00 | 161.00 | OK | |
r-patched-linux-x86_64 | 1.3 | 13.34 | 110.03 | 123.37 | OK | |
r-release-linux-x86_64 | 1.3 | 10.83 | 111.81 | 122.64 | OK | |
r-release-macos-arm64 | 1.3 | 72.00 | NOTE | |||
r-release-macos-x86_64 | 1.3 | 152.00 | OK | |||
r-release-windows-x86_64 | 1.3 | 18.00 | 149.00 | 167.00 | OK | |
r-oldrel-macos-arm64 | 1.3 | 57.00 | OK | |||
r-oldrel-windows-x86_64 | 1.3 | 16.00 | 159.00 | 175.00 | OK |
Version: 1.3
Check: package dependencies
Result: NOTE
Package suggested but not available for checking: ‘snpStats’
Flavor: r-release-macos-arm64