Last updated on 2023-12-05 18:49:32 CET.
Flavor | Version | Tinstall | Tcheck | Ttotal | Status | Flags |
---|---|---|---|---|---|---|
r-devel-linux-x86_64-debian-clang | 0.2.3 | 14.93 | 97.32 | 112.25 | OK | |
r-devel-linux-x86_64-debian-gcc | 0.2.3 | 10.87 | 70.21 | 81.08 | OK | |
r-devel-linux-x86_64-fedora-clang | 0.2.3 | 136.48 | NOTE | |||
r-devel-linux-x86_64-fedora-gcc | 0.2.3 | 135.25 | NOTE | |||
r-devel-windows-x86_64 | 0.2.3 | 14.00 | 87.00 | 101.00 | OK | |
r-patched-linux-x86_64 | 0.2.3 | 18.73 | 90.10 | 108.83 | OK | |
r-release-linux-x86_64 | 0.2.3 | 10.11 | 88.88 | 98.99 | OK | |
r-release-macos-arm64 | 0.2.3 | 47.00 | OK | |||
r-release-macos-x86_64 | 0.2.3 | 99.00 | OK | |||
r-release-windows-x86_64 | 0.2.3 | 18.00 | 102.00 | 120.00 | OK | |
r-oldrel-macos-arm64 | 0.2.3 | 40.00 | OK | |||
r-oldrel-macos-x86_64 | 0.2.3 | 56.00 | OK | |||
r-oldrel-windows-x86_64 | 0.2.3 | 18.00 | 99.00 | 117.00 | OK |
Version: 0.2.3
Check: data for non-ASCII characters
Result: NOTE
Note: found 4860 marked UTF-8 strings
Flavors: r-devel-linux-x86_64-fedora-clang, r-devel-linux-x86_64-fedora-gcc