Last updated on 2023-06-07 20:04:48 CEST.
Flavor | Version | Tinstall | Tcheck | Ttotal | Status | Flags |
---|---|---|---|---|---|---|
r-devel-linux-x86_64-debian-clang | 0.12.1 | 22.70 | 51.79 | 74.49 | NOTE | |
r-devel-linux-x86_64-debian-gcc | 0.12.1 | 16.59 | 39.80 | 56.39 | NOTE | |
r-devel-linux-x86_64-fedora-clang | 0.12.1 | 101.15 | NOTE | |||
r-devel-linux-x86_64-fedora-gcc | 0.12.1 | 93.99 | NOTE | |||
r-devel-windows-x86_64 | 0.12.1 | 20.00 | 77.00 | 97.00 | NOTE | |
r-patched-linux-x86_64 | 0.12.1 | 20.14 | 48.91 | 69.05 | NOTE | |
r-release-linux-x86_64 | 0.12.1 | 18.38 | 49.41 | 67.79 | NOTE | |
r-release-macos-arm64 | 0.12.1 | 31.00 | NOTE | |||
r-release-macos-x86_64 | 0.12.1 | 46.00 | NOTE | |||
r-release-windows-x86_64 | 0.12.1 | 25.00 | 93.00 | 118.00 | OK | |
r-oldrel-macos-arm64 | 0.12.1 | 25.00 | OK | |||
r-oldrel-macos-x86_64 | 0.12.1 | 40.00 | OK | |||
r-oldrel-windows-x86_64 | 0.12.1 | 22.00 | 87.00 | 109.00 | OK |
Version: 0.12.1
Check: package dependencies
Result: NOTE
Package suggested but not available for checking: ‘georob’
Flavors: r-devel-linux-x86_64-debian-clang, r-devel-linux-x86_64-debian-gcc, r-devel-linux-x86_64-fedora-clang, r-devel-linux-x86_64-fedora-gcc, r-devel-windows-x86_64, r-patched-linux-x86_64, r-release-linux-x86_64, r-release-macos-arm64
Version: 0.12.1
Check: package dependencies
Result: NOTE
Packages suggested but not available for checking:
'car', 'fields', 'georob', 'gstat'
Flavor: r-release-macos-x86_64
Version: 0.12.1
Check: Rd cross-references
Result: NOTE
Packages unavailable to check Rd xrefs: ‘fields’, ‘gstat’, ‘car’
Flavor: r-release-macos-x86_64