CRAN Package Check Results for Package pdc

Last updated on 2024-03-04 18:55:06 CET.

Flavor Version Tinstall Tcheck Ttotal Status Flags
r-devel-linux-x86_64-debian-clang 1.0.3 10.29 30.18 40.47 OK
r-devel-linux-x86_64-debian-gcc 1.0.3 14.37 23.42 37.79 OK
r-devel-linux-x86_64-fedora-clang 1.0.3 50.56 NOTE
r-devel-linux-x86_64-fedora-gcc 1.0.3 60.90 NOTE
r-devel-windows-x86_64 1.0.3 17.00 49.00 66.00 OK
r-patched-linux-x86_64 1.0.3 15.36 29.84 45.20 OK
r-release-linux-x86_64 1.0.3 15.36 29.44 44.80 OK
r-release-macos-arm64 1.0.3 62.00 OK
r-release-macos-x86_64 1.0.3 33.00 OK
r-release-windows-x86_64 1.0.3 20.00 52.00 72.00 OK
r-oldrel-macos-arm64 1.0.3 59.00 OK
r-oldrel-windows-x86_64 1.0.3 22.00 55.00 77.00 OK

Check Details

Version: 1.0.3
Check: compiled code
Result: NOTE File ‘pdc/libs/pdc.so’: Found no calls to: ‘R_registerRoutines’, ‘R_useDynamicSymbols’ It is good practice to register native routines and to disable symbol search. See ‘Writing portable packages’ in the ‘Writing R Extensions’ manual. Flavors: r-devel-linux-x86_64-fedora-clang, r-devel-linux-x86_64-fedora-gcc