Last updated on 2024-03-28 19:48:39 CET.
Flavor | Version | Tinstall | Tcheck | Ttotal | Status | Flags |
---|---|---|---|---|---|---|
r-devel-linux-x86_64-debian-clang | 1.5.4 | 1425.47 | 308.82 | 1734.29 | NOTE | |
r-devel-linux-x86_64-debian-gcc | 1.5.4 | 1338.61 | 340.16 | 1678.77 | NOTE | |
r-devel-linux-x86_64-fedora-clang | 1.5.4 | 2111.49 | NOTE | |||
r-devel-linux-x86_64-fedora-gcc | 1.5.4 | 3007.36 | NOTE | |||
r-devel-windows-x86_64 | 1.5.4 | 1055.00 | 359.00 | 1414.00 | NOTE | |
r-patched-linux-x86_64 | 1.5.4 | 1147.37 | 438.63 | 1586.00 | NOTE | |
r-release-linux-x86_64 | 1.5.4 | 1166.14 | 447.20 | 1613.34 | NOTE | |
r-release-macos-arm64 | 1.5.4 | 854.00 | NOTE | |||
r-release-macos-x86_64 | 1.5.4 | 1104.00 | NOTE | |||
r-release-windows-x86_64 | 1.5.4 | 1399.00 | 432.00 | 1831.00 | NOTE | |
r-oldrel-macos-arm64 | 1.5.4 | 543.00 | NOTE | |||
r-oldrel-windows-x86_64 | 1.5.4 | 1373.00 | 413.00 | 1786.00 | NOTE |
Version: 1.5.4
Check: for GNU extensions in Makefiles
Result: NOTE
GNU make is a SystemRequirements.
Flavors: r-devel-linux-x86_64-debian-clang, r-devel-linux-x86_64-debian-gcc, r-devel-linux-x86_64-fedora-clang, r-devel-linux-x86_64-fedora-gcc, r-devel-windows-x86_64, r-patched-linux-x86_64, r-release-linux-x86_64, r-release-macos-arm64, r-release-macos-x86_64, r-release-windows-x86_64, r-oldrel-macos-arm64, r-oldrel-windows-x86_64
Version: 1.5.4
Check: installed package size
Result: NOTE
installed size is 15.3Mb
sub-directories of 1Mb or more:
doc 2.9Mb
libs 11.6Mb
Flavors: r-devel-linux-x86_64-fedora-clang, r-devel-windows-x86_64, r-release-macos-arm64, r-release-macos-x86_64, r-release-windows-x86_64, r-oldrel-macos-arm64, r-oldrel-windows-x86_64
Version: 1.5.4
Check: dependencies in R code
Result: NOTE
Namespace in Imports field not imported from: ‘rstantools’
All declared Imports should be used.
Flavors: r-devel-linux-x86_64-fedora-clang, r-devel-linux-x86_64-fedora-gcc