Last updated on 2024-04-19 19:50:22 CEST.
Flavor | Version | Tinstall | Tcheck | Ttotal | Status | Flags |
---|---|---|---|---|---|---|
r-devel-linux-x86_64-debian-clang | 0.5.0 | 1184.21 | 503.92 | 1688.13 | OK | |
r-devel-linux-x86_64-debian-gcc | 0.5.0 | OK | ||||
r-devel-linux-x86_64-fedora-clang | 0.5.0 | 2642.29 | NOTE | |||
r-devel-linux-x86_64-fedora-gcc | 0.5.0 | 2553.32 | OK | |||
r-prerel-macos-arm64 | 0.5.0 | 841.00 | NOTE | |||
r-prerel-windows-x86_64 | 0.5.0 | 880.00 | 465.00 | 1345.00 | NOTE | |
r-patched-linux-x86_64 | 0.5.0 | 1149.10 | 474.03 | 1623.13 | OK | |
r-release-linux-x86_64 | 0.5.0 | 1079.68 | 470.67 | 1550.35 | OK | |
r-release-macos-arm64 | 0.5.0 | 1173.00 | NOTE | |||
r-release-macos-x86_64 | 0.5.0 | 1736.00 | NOTE | |||
r-release-windows-x86_64 | 0.5.0 | 1371.00 | 536.00 | 1907.00 | NOTE | |
r-oldrel-macos-arm64 | 0.5.0 | 821.00 | NOTE | |||
r-oldrel-windows-x86_64 | 0.5.0 | 1104.00 | 264.00 | 1368.00 | NOTE |
Version: 0.5.0
Check: installed package size
Result: NOTE
installed size is 9.4Mb
sub-directories of 1Mb or more:
R 6.7Mb
help 2.5Mb
Flavors: r-devel-linux-x86_64-fedora-clang, r-prerel-macos-arm64, r-prerel-windows-x86_64, r-release-macos-arm64, r-release-macos-x86_64, r-release-windows-x86_64, r-oldrel-macos-arm64, r-oldrel-windows-x86_64