Last updated on 2024-04-23 07:51:13 CEST.
Flavor | Version | Tinstall | Tcheck | Ttotal | Status | Flags |
---|---|---|---|---|---|---|
r-devel-linux-x86_64-debian-clang | 0.1.3 | 0.70 | 2.98 | 3.68 | ERROR | |
r-devel-linux-x86_64-debian-gcc | 0.1.3 | 16.06 | 135.61 | 151.67 | OK | |
r-devel-linux-x86_64-fedora-clang | 0.1.3 | 255.17 | NOTE | |||
r-devel-linux-x86_64-fedora-gcc | 0.1.3 | 261.56 | NOTE | |||
r-prerel-macos-arm64 | 0.1.3 | 70.00 | OK | |||
r-prerel-macos-x86_64 | 0.1.3 | 131.00 | OK | |||
r-prerel-windows-x86_64 | 0.1.3 | 19.00 | 132.00 | 151.00 | OK | |
r-patched-linux-x86_64 | 0.1.3 | 17.91 | 173.09 | 191.00 | OK | |
r-release-linux-x86_64 | 0.1.3 | 17.42 | 172.18 | 189.60 | OK | |
r-release-macos-arm64 | 0.1.3 | 73.00 | OK | |||
r-release-macos-x86_64 | 0.1.3 | 125.00 | OK | |||
r-release-windows-x86_64 | 0.1.3 | 25.00 | 170.00 | 195.00 | OK | |
r-oldrel-macos-arm64 | 0.1.3 | 67.00 | NOTE | |||
r-oldrel-windows-x86_64 | 0.1.3 | 25.00 | 168.00 | 193.00 | OK |
Version: 0.1.3
Check: package dependencies
Result: ERROR
Package required but not available: ‘clusterProfiler’
See section ‘The DESCRIPTION file’ in the ‘Writing R Extensions’
manual.
Flavor: r-devel-linux-x86_64-debian-clang
Version: 0.1.3
Check: dependencies in R code
Result: NOTE
Namespaces in Imports field not imported from:
‘clusterProfiler’ ‘purrr’
All declared Imports should be used.
Flavors: r-devel-linux-x86_64-fedora-clang, r-devel-linux-x86_64-fedora-gcc, r-oldrel-macos-arm64