Last updated on 2024-03-29 07:54:51 CET.
Flavor | Version | Tinstall | Tcheck | Ttotal | Status | Flags |
---|---|---|---|---|---|---|
r-devel-linux-x86_64-debian-clang | 0.4.1 | 67.17 | 37.23 | 104.40 | NOTE | |
r-devel-linux-x86_64-debian-gcc | 0.4.1 | 55.32 | 28.84 | 84.16 | NOTE | |
r-devel-linux-x86_64-fedora-clang | 0.4.1 | 161.55 | NOTE | |||
r-devel-linux-x86_64-fedora-gcc | 0.4.1 | 182.91 | NOTE | |||
r-devel-windows-x86_64 | 0.4.1 | 50.00 | 71.00 | 121.00 | NOTE | |
r-patched-linux-x86_64 | 0.4.1 | 70.50 | 36.34 | 106.84 | NOTE | |
r-release-linux-x86_64 | 0.4.1 | 75.03 | 35.34 | 110.37 | NOTE | |
r-release-macos-arm64 | 0.4.1 | 45.00 | NOTE | |||
r-release-macos-x86_64 | 0.4.1 | 75.00 | NOTE | |||
r-release-windows-x86_64 | 0.4.1 | 56.00 | 77.00 | 133.00 | NOTE | |
r-oldrel-macos-arm64 | 0.4.1 | 44.00 | OK | |||
r-oldrel-windows-x86_64 | 0.4.1 | 68.00 | 79.00 | 147.00 | OK |
Version: 0.4.1
Check: C++ specification
Result: NOTE
Specified C++11: please drop specification unless essential
Flavors: r-devel-linux-x86_64-debian-clang, r-devel-linux-x86_64-debian-gcc, r-devel-linux-x86_64-fedora-clang, r-devel-linux-x86_64-fedora-gcc, r-devel-windows-x86_64, r-patched-linux-x86_64, r-release-linux-x86_64, r-release-macos-arm64, r-release-macos-x86_64, r-release-windows-x86_64