Last updated on 2024-03-29 07:54:51 CET.
Flavor | Version | Tinstall | Tcheck | Ttotal | Status | Flags |
---|---|---|---|---|---|---|
r-devel-linux-x86_64-debian-clang | 1.2-20 | 18.89 | 354.39 | 373.28 | OK | |
r-devel-linux-x86_64-debian-gcc | 1.2-20 | 14.33 | 266.06 | 280.39 | OK | |
r-devel-linux-x86_64-fedora-clang | 1.2-20 | 457.51 | OK | |||
r-devel-linux-x86_64-fedora-gcc | 1.2-20 | 465.44 | OK | |||
r-devel-windows-x86_64 | 1.2-20 | 17.00 | 357.00 | 374.00 | OK | |
r-patched-linux-x86_64 | 1.2-20 | 16.15 | 347.89 | 364.04 | OK | |
r-release-linux-x86_64 | 1.2-20 | 18.87 | 351.38 | 370.25 | OK | |
r-release-macos-arm64 | 1.2-20 | 168.00 | OK | |||
r-release-macos-x86_64 | 1.2-20 | 363.00 | OK | |||
r-release-windows-x86_64 | 1.2-20 | 21.00 | 388.00 | 409.00 | OK | |
r-oldrel-macos-arm64 | 1.2-20 | 147.00 | NOTE | |||
r-oldrel-windows-x86_64 | 1.2-20 | 21.00 | 398.00 | 419.00 | NOTE |
Version: 1.2-20
Check: running R code from vignettes
Result: NOTE
‘constparty.Rnw’... [3s/3s] OK
‘ctree.Rnw’ using ‘UTF-8’... [4s/4s] NOTE
differences from ‘ctree.Rout.save’
1409,1412d1408
< Deviance Residuals:
< Min 1Q Median 3Q Max
< -45.801 -11.208 -1.049 10.903 53.615
<
‘mob.Rnw’... [5s/5s] OK
‘partykit.Rnw’... [1s/1s] OK
Flavor: r-oldrel-macos-arm64
Version: 1.2-20
Check: running R code from vignettes
Result: NOTE
'ctree.Rnw' using 'UTF-8'... [11s] NOTE
differences from 'ctree.Rout.save'
1409,1412d1408
< Deviance Residuals:
< Min 1Q Median 3Q Max
< -45.801 -11.208 -1.049 10.903 53.615
<
'partykit.Rnw'... [3s] OK
Flavor: r-oldrel-windows-x86_64