CRAN Package Check Results for Package papaja

Last updated on 2024-06-22 08:52:07 CEST.

Flavor Version Tinstall Tcheck Ttotal Status Flags
r-devel-linux-x86_64-debian-clang 0.1.2 11.05 229.56 240.61 NOTE
r-devel-linux-x86_64-debian-gcc 0.1.2 10.21 164.52 174.73 NOTE
r-devel-linux-x86_64-fedora-clang 0.1.2 301.81 NOTE
r-devel-linux-x86_64-fedora-gcc 0.1.2 316.49 NOTE
r-devel-windows-x86_64 0.1.2 15.00 180.00 195.00 NOTE
r-patched-linux-x86_64 0.1.2 9.94 217.62 227.56 NOTE
r-release-linux-x86_64 0.1.2 8.16 217.43 225.59 NOTE
r-release-macos-arm64 0.1.2 84.00 NOTE
r-release-macos-x86_64 0.1.2 123.00 NOTE
r-release-windows-x86_64 0.1.2 18.00 184.00 202.00 NOTE
r-oldrel-macos-arm64 0.1.2 81.00 OK
r-oldrel-macos-x86_64 0.1.2 389.00 OK
r-oldrel-windows-x86_64 0.1.2 22.00 229.00 251.00 OK

Check Details

Version: 0.1.2
Check: Rd files
Result: NOTE checkRd: (-1) apa_print.htest.Rd:58: Lost braces 58 | [here]{https://github.com/crsh/papaja/issues} (please include | ^ checkRd: (-1) init_apa_results.Rd:15-16: Lost braces 15 | \item{\code{full_result}}{A (named list of) character strings comprised of \code{estimate} and \verb{statistic`` for each factor.\} \\item\{}table`}{A data frame containing all results; can, for example, be passed to \code{\link[=apa_table]{apa_table()}}. | ^ Flavors: r-devel-linux-x86_64-debian-clang, r-devel-linux-x86_64-debian-gcc, r-devel-linux-x86_64-fedora-clang, r-devel-linux-x86_64-fedora-gcc, r-devel-windows-x86_64, r-patched-linux-x86_64, r-release-linux-x86_64, r-release-macos-arm64, r-release-macos-x86_64, r-release-windows-x86_64

Version: 0.1.2
Check: HTML version of manual
Result: NOTE Found the following HTML validation problems: apa_barplot.html:83:1 (apa_barplot.Rd:50): Warning: trimming empty <dt> apa_beeplot.html:84:1 (apa_beeplot.Rd:51): Warning: trimming empty <dt> apa_interval.html:96:1 (apa_interval.Rd:68): Warning: trimming empty <dt> apa_lineplot.html:84:1 (apa_lineplot.Rd:51): Warning: trimming empty <dt> apa_print.emmGrid.html:77:1 (apa_print.emmGrid.Rd:37): Warning: trimming empty <dt> apa_print.glm.html:107:1 (apa_print.glm.Rd:62): Warning: trimming empty <dt> apa_print.htest.html:90:1 (apa_print.htest.Rd:45): Warning: trimming empty <dt> apa_print.papaja_wsci.html:50:1 (apa_print.papaja_wsci.Rd:15): Warning: trimming empty <dt> revision_letter_pdf.html:43:1 (revision_letter_pdf.Rd:13): Warning: trimming empty <dt> Flavors: r-devel-linux-x86_64-debian-clang, r-devel-linux-x86_64-debian-gcc, r-devel-linux-x86_64-fedora-clang, r-devel-linux-x86_64-fedora-gcc, r-devel-windows-x86_64, r-patched-linux-x86_64, r-release-linux-x86_64, r-release-windows-x86_64