Last updated on 2023-09-28 19:59:48 CEST.
Flavor | Version | Tinstall | Tcheck | Ttotal | Status | Flags |
---|---|---|---|---|---|---|
r-devel-linux-x86_64-debian-clang | 1.2.1 | 14.68 | 246.32 | 261.00 | OK | |
r-devel-linux-x86_64-debian-gcc | 1.2.1 | 11.35 | 171.52 | 182.87 | OK | |
r-devel-linux-x86_64-fedora-clang | 1.2.1 | 305.08 | NOTE | |||
r-devel-linux-x86_64-fedora-gcc | 1.2.1 | 303.83 | NOTE | |||
r-devel-windows-x86_64 | 1.2.1 | 12.00 | 171.00 | 183.00 | OK | |
r-patched-linux-x86_64 | 1.2.1 | 11.73 | 228.91 | 240.64 | OK | |
r-release-linux-x86_64 | 1.2.1 | 8.70 | 226.82 | 235.52 | OK | |
r-release-macos-arm64 | 1.2.1 | 88.00 | OK | |||
r-release-macos-x86_64 | 1.2.1 | 202.00 | OK | |||
r-release-windows-x86_64 | 1.2.1 | 17.00 | 223.00 | 240.00 | OK | |
r-oldrel-macos-arm64 | 1.2.1 | 82.00 | OK | |||
r-oldrel-macos-x86_64 | 1.2.1 | 112.00 | OK | |||
r-oldrel-windows-x86_64 | 1.2.1 | 16.00 | 220.00 | 236.00 | OK |
Version: 1.2.1
Check: data for non-ASCII characters
Result: NOTE
Note: found 314 marked UTF-8 strings
Flavors: r-devel-linux-x86_64-fedora-clang, r-devel-linux-x86_64-fedora-gcc