Last updated on 2024-04-19 19:50:22 CEST.
Flavor | Version | Tinstall | Tcheck | Ttotal | Status | Flags |
---|---|---|---|---|---|---|
r-devel-linux-x86_64-debian-clang | 1.0.12 | 186.65 | 145.51 | 332.16 | OK | |
r-devel-linux-x86_64-debian-gcc | 1.0.12 | OK | ||||
r-prerel-macos-arm64 | 1.0.12 | 95.00 | NOTE | |||
r-prerel-macos-x86_64 | 1.0.12 | 160.00 | NOTE | |||
r-prerel-windows-x86_64 | 1.0.12 | 146.00 | 146.00 | 292.00 | OK | |
r-patched-linux-x86_64 | 1.0.12 | 176.93 | 137.42 | 314.35 | OK | |
r-release-linux-x86_64 | 1.0.12 | 124.26 | 140.27 | 264.53 | OK | |
r-release-macos-arm64 | 1.0.12 | 107.00 | NOTE | |||
r-release-macos-x86_64 | 1.0.12 | 153.00 | NOTE | |||
r-release-windows-x86_64 | 1.0.12 | 177.00 | 179.00 | 356.00 | OK | |
r-oldrel-macos-arm64 | 1.0.12 | 94.00 | NOTE | |||
r-oldrel-windows-x86_64 | 1.0.12 | 175.00 | 159.00 | 334.00 | OK |
Version: 1.0.12
Check: package dependencies
Result: NOTE
Packages suggested but not available for checking:
'org.Dr.eg.db', 'org.Mm.eg.db'
Flavor: r-prerel-macos-arm64
Version: 1.0.12
Check: installed package size
Result: NOTE
installed size is 6.8Mb
sub-directories of 1Mb or more:
libs 5.0Mb
Flavors: r-prerel-macos-arm64, r-prerel-macos-x86_64, r-release-macos-arm64, r-release-macos-x86_64, r-oldrel-macos-arm64
Version: 1.0.12
Check: package dependencies
Result: NOTE
Package suggested but not available for checking: ‘scde’
Flavor: r-release-macos-arm64
Version: 1.0.12
Check: package dependencies
Result: NOTE
Packages suggested but not available for checking:
'org.Dr.eg.db', 'org.Mm.eg.db', 'scde'
Flavor: r-release-macos-x86_64
Version: 1.0.12
Check: package dependencies
Result: NOTE
Packages suggested but not available for checking: 'org.Dr.eg.db', 'scde'
Flavor: r-oldrel-macos-arm64