Last updated on 2024-03-28 19:48:39 CET.
Flavor | Version | Tinstall | Tcheck | Ttotal | Status | Flags |
---|---|---|---|---|---|---|
r-devel-linux-x86_64-debian-clang | 0.4.2 | 128.19 | 165.39 | 293.58 | OK | |
r-devel-linux-x86_64-debian-gcc | 0.4.2 | 104.37 | 107.11 | 211.48 | OK | |
r-devel-linux-x86_64-fedora-clang | 0.4.2 | 394.84 | OK | |||
r-devel-linux-x86_64-fedora-gcc | 0.4.2 | 393.11 | OK | |||
r-devel-windows-x86_64 | 0.4.2 | 102.00 | 175.00 | 277.00 | OK | |
r-patched-linux-x86_64 | 0.4.2 | 123.58 | 153.88 | 277.46 | OK | |
r-release-linux-x86_64 | 0.4.2 | 126.39 | 159.59 | 285.98 | OK | |
r-release-macos-arm64 | 0.4.2 | 106.00 | NOTE | |||
r-release-macos-x86_64 | 0.4.2 | 164.00 | NOTE | |||
r-release-windows-x86_64 | 0.4.2 | 124.00 | 194.00 | 318.00 | OK | |
r-oldrel-macos-arm64 | 0.4.2 | 96.00 | NOTE | |||
r-oldrel-windows-x86_64 | 0.4.2 | 118.00 | 198.00 | 316.00 | OK |
Version: 0.4.2
Check: installed package size
Result: NOTE
installed size is 5.7Mb
sub-directories of 1Mb or more:
libs 5.5Mb
Flavors: r-release-macos-arm64, r-release-macos-x86_64, r-oldrel-macos-arm64