Last updated on 2023-09-28 08:58:57 CEST.
Flavor | Version | Tinstall | Tcheck | Ttotal | Status | Flags |
---|---|---|---|---|---|---|
r-devel-linux-x86_64-debian-clang | 0.1.3 | 6.45 | 48.48 | 54.93 | NOTE | |
r-devel-linux-x86_64-debian-gcc | 0.1.3 | 5.05 | 37.08 | 42.13 | NOTE | |
r-devel-linux-x86_64-fedora-clang | 0.1.3 | 67.55 | NOTE | |||
r-devel-linux-x86_64-fedora-gcc | 0.1.3 | 67.19 | NOTE | |||
r-devel-windows-x86_64 | 0.1.3 | 8.00 | 66.00 | 74.00 | NOTE | |
r-patched-linux-x86_64 | 0.1.3 | 5.92 | 46.81 | 52.73 | NOTE | |
r-release-linux-x86_64 | 0.1.3 | 4.06 | 47.55 | 51.61 | NOTE | |
r-release-macos-arm64 | 0.1.3 | 24.00 | NOTE | |||
r-release-macos-x86_64 | 0.1.3 | 41.00 | NOTE | |||
r-release-windows-x86_64 | 0.1.3 | 9.00 | 71.00 | 80.00 | NOTE | |
r-oldrel-macos-arm64 | 0.1.3 | 24.00 | OK | |||
r-oldrel-macos-x86_64 | 0.1.3 | 31.00 | OK | |||
r-oldrel-windows-x86_64 | 0.1.3 | 9.00 | 63.00 | 72.00 | OK |
Version: 0.1.3
Check: package subdirectories
Result: NOTE
Problems with news in ‘NEWS.md’:
Cannot extract version info from the following section titles:
Changes
Flavors: r-devel-linux-x86_64-debian-clang, r-devel-linux-x86_64-debian-gcc, r-devel-linux-x86_64-fedora-clang, r-devel-linux-x86_64-fedora-gcc, r-devel-windows-x86_64, r-patched-linux-x86_64, r-release-linux-x86_64, r-release-macos-arm64, r-release-macos-x86_64, r-release-windows-x86_64