CRAN Package Check Results for Package packager

Last updated on 2024-02-26 19:50:16 CET.

Flavor Version Tinstall Tcheck Ttotal Status Flags
r-devel-linux-x86_64-debian-clang 1.15.2 5.32 230.48 235.80 NOTE
r-devel-linux-x86_64-debian-gcc 1.15.2 4.72 178.40 183.12 NOTE
r-devel-linux-x86_64-fedora-clang 1.15.2 291.93 NOTE
r-devel-linux-x86_64-fedora-gcc 1.15.2 324.26 NOTE
r-devel-windows-x86_64 1.15.2 8.00 333.00 341.00 OK
r-patched-linux-x86_64 1.15.2 6.75 227.45 234.20 OK
r-release-linux-x86_64 1.15.2 4.81 226.41 231.22 OK
r-release-macos-arm64 1.15.2 182.00 OK
r-release-macos-x86_64 1.15.2 266.00 OK
r-release-windows-x86_64 1.15.2 11.00 372.00 383.00 OK
r-oldrel-macos-arm64 1.15.2 227.00 OK
r-oldrel-windows-x86_64 1.15.2 9.00 375.00 384.00 OK

Check Details

Version: 1.15.2
Check: Rd files
Result: NOTE checkRd: (-1) lint_package.Rd:20: Lost braces 20 | code{\link[lintr:lint_package]{lintr::lint_package}} where we hardcode the | ^ checkRd: (-1) provide_news_rd.Rd:22: Lost braces 22 | Christian Vonderach uses the index thus wants file{inst/NEWS.rd} to | ^ checkRd: (-1) provide_news_rd.Rd:23: Lost braces 23 | automatically be in sync with file{./NEWS.md}. | ^ Flavors: r-devel-linux-x86_64-debian-clang, r-devel-linux-x86_64-debian-gcc, r-devel-linux-x86_64-fedora-clang, r-devel-linux-x86_64-fedora-gcc