Last updated on 2023-12-03 07:52:05 CET.
Flavor | Version | Tinstall | Tcheck | Ttotal | Status | Flags |
---|---|---|---|---|---|---|
r-devel-linux-x86_64-debian-clang | 0.1.1 | 5.50 | 47.10 | 52.60 | NOTE | |
r-devel-linux-x86_64-debian-gcc | 0.1.1 | 3.56 | 35.47 | 39.03 | NOTE | |
r-devel-linux-x86_64-fedora-clang | 0.1.1 | 65.22 | NOTE | |||
r-devel-linux-x86_64-fedora-gcc | 0.1.1 | 62.09 | NOTE | |||
r-devel-windows-x86_64 | 0.1.1 | 5.00 | 57.00 | 62.00 | NOTE | |
r-patched-linux-x86_64 | 0.1.1 | 3.28 | 44.63 | 47.91 | NOTE | |
r-release-linux-x86_64 | 0.1.1 | 3.31 | 44.07 | 47.38 | NOTE | |
r-release-macos-arm64 | 0.1.1 | 21.00 | NOTE | |||
r-release-macos-x86_64 | 0.1.1 | 29.00 | NOTE | |||
r-release-windows-x86_64 | 0.1.1 | 7.00 | 60.00 | 67.00 | NOTE | |
r-oldrel-macos-arm64 | 0.1.1 | 21.00 | NOTE | |||
r-oldrel-macos-x86_64 | 0.1.1 | 40.00 | NOTE | |||
r-oldrel-windows-x86_64 | 0.1.1 | 7.00 | 65.00 | 72.00 | NOTE |
Version: 0.1.1
Check: LazyData
Result: NOTE
'LazyData' is specified without a 'data' directory
Flavors: r-devel-linux-x86_64-debian-clang, r-devel-linux-x86_64-debian-gcc, r-devel-linux-x86_64-fedora-clang, r-devel-linux-x86_64-fedora-gcc, r-devel-windows-x86_64, r-patched-linux-x86_64, r-release-linux-x86_64, r-release-macos-arm64, r-release-macos-x86_64, r-release-windows-x86_64, r-oldrel-macos-arm64, r-oldrel-macos-x86_64, r-oldrel-windows-x86_64