Last updated on 2024-03-29 07:54:51 CET.
Flavor | Version | Tinstall | Tcheck | Ttotal | Status | Flags |
---|---|---|---|---|---|---|
r-devel-linux-x86_64-debian-clang | 0.1.0 | 146.49 | 182.85 | 329.34 | NOTE | |
r-devel-linux-x86_64-debian-gcc | 0.1.0 | 121.31 | 185.54 | 306.85 | NOTE | |
r-devel-linux-x86_64-fedora-clang | 0.1.0 | 458.77 | NOTE | |||
r-devel-linux-x86_64-fedora-gcc | 0.1.0 | 511.48 | NOTE | |||
r-devel-windows-x86_64 | 0.1.0 | 118.00 | 175.00 | 293.00 | NOTE | |
r-patched-linux-x86_64 | 0.1.0 | 144.39 | 222.96 | 367.35 | NOTE | |
r-release-linux-x86_64 | 0.1.0 | 151.87 | 223.63 | 375.50 | NOTE | |
r-release-macos-arm64 | 0.1.0 | 135.00 | NOTE | |||
r-release-macos-x86_64 | 0.1.0 | 235.00 | NOTE | |||
r-release-windows-x86_64 | 0.1.0 | 148.00 | 209.00 | 357.00 | NOTE | |
r-oldrel-macos-arm64 | 0.1.0 | 127.00 | NOTE | |||
r-oldrel-windows-x86_64 | 0.1.0 | 143.00 | 201.00 | 344.00 | NOTE |
Version: 0.1.0
Check: C++ specification
Result: NOTE
Specified C++11: please drop specification unless essential
Flavors: r-devel-linux-x86_64-debian-clang, r-devel-linux-x86_64-debian-gcc, r-devel-linux-x86_64-fedora-clang, r-devel-linux-x86_64-fedora-gcc, r-devel-windows-x86_64, r-patched-linux-x86_64, r-release-linux-x86_64, r-release-macos-arm64, r-release-macos-x86_64, r-release-windows-x86_64
Version: 0.1.0
Check: Rd files
Result: NOTE
checkRd: (-1) BFGS_lpdf.Rd:37: Lost braces
37 | A wrapper for code{\link{BFGS_std}} that is useful for easily calling
| ^
Flavors: r-devel-linux-x86_64-debian-clang, r-devel-linux-x86_64-debian-gcc, r-devel-linux-x86_64-fedora-clang, r-devel-linux-x86_64-fedora-gcc, r-devel-windows-x86_64, r-patched-linux-x86_64
Version: 0.1.0
Check: for GNU extensions in Makefiles
Result: NOTE
GNU make is a SystemRequirements.
Flavors: r-devel-linux-x86_64-debian-clang, r-devel-linux-x86_64-debian-gcc, r-devel-linux-x86_64-fedora-clang, r-devel-linux-x86_64-fedora-gcc, r-devel-windows-x86_64, r-patched-linux-x86_64, r-release-linux-x86_64, r-release-macos-arm64, r-release-macos-x86_64, r-release-windows-x86_64, r-oldrel-macos-arm64, r-oldrel-windows-x86_64
Version: 0.1.0
Check: installed package size
Result: NOTE
installed size is 16.9Mb
sub-directories of 1Mb or more:
libs 16.4Mb
Flavors: r-release-macos-arm64, r-release-macos-x86_64, r-oldrel-macos-arm64