Last updated on 2023-11-29 07:52:19 CET.
Flavor | Version | Tinstall | Tcheck | Ttotal | Status | Flags |
---|---|---|---|---|---|---|
r-devel-linux-x86_64-debian-clang | 0.2.5 | 114.66 | 95.00 | 209.66 | OK | |
r-devel-linux-x86_64-debian-gcc | 0.2.5 | 87.44 | 70.27 | 157.71 | OK | |
r-devel-linux-x86_64-fedora-clang | 0.2.5 | 290.02 | NOTE | |||
r-devel-linux-x86_64-fedora-gcc | 0.2.5 | 315.89 | OK | |||
r-devel-windows-x86_64 | 0.2.5 | 85.00 | 107.00 | 192.00 | NOTE | |
r-patched-linux-x86_64 | 0.2.5 | 104.80 | 89.91 | 194.71 | OK | |
r-release-linux-x86_64 | 0.2.5 | 108.22 | 90.37 | 198.59 | OK | |
r-release-macos-arm64 | 0.2.5 | 74.00 | NOTE | |||
r-release-macos-x86_64 | 0.2.5 | 93.00 | NOTE | |||
r-release-windows-x86_64 | 0.2.5 | 114.00 | 127.00 | 241.00 | NOTE | |
r-oldrel-macos-arm64 | 0.2.5 | 70.00 | NOTE | |||
r-oldrel-macos-x86_64 | 0.2.5 | 110.00 | NOTE | |||
r-oldrel-windows-x86_64 | 0.2.5 | 102.00 | 124.00 | 226.00 | NOTE |
Version: 0.2.5
Check: installed package size
Result: NOTE
installed size is 6.1Mb
sub-directories of 1Mb or more:
doc 5.0Mb
Flavors: r-devel-linux-x86_64-fedora-clang, r-devel-windows-x86_64, r-release-macos-arm64, r-release-macos-x86_64, r-release-windows-x86_64, r-oldrel-macos-arm64, r-oldrel-macos-x86_64, r-oldrel-windows-x86_64