Last updated on 2023-06-07 20:04:48 CEST.
Flavor | Version | Tinstall | Tcheck | Ttotal | Status | Flags |
---|---|---|---|---|---|---|
r-devel-linux-x86_64-debian-clang | 0.6.7 | 299.89 | 120.28 | 420.17 | OK | |
r-devel-linux-x86_64-debian-gcc | 0.6.7 | 222.86 | 92.88 | 315.74 | OK | |
r-devel-linux-x86_64-fedora-clang | 0.6.7 | 592.50 | OK | |||
r-devel-linux-x86_64-fedora-gcc | 0.6.7 | 604.15 | OK | |||
r-devel-windows-x86_64 | 0.6.7 | 197.00 | 134.00 | 331.00 | OK | |
r-patched-linux-x86_64 | 0.6.7 | 224.82 | 115.47 | 340.29 | OK | |
r-release-linux-x86_64 | 0.6.7 | 230.58 | 115.79 | 346.37 | OK | |
r-release-macos-arm64 | 0.6.7 | 123.00 | NOTE | |||
r-release-macos-x86_64 | 0.6.5 | 254.00 | NOTE | |||
r-release-windows-x86_64 | 0.6.7 | 268.00 | 148.00 | 416.00 | OK | |
r-oldrel-macos-arm64 | 0.6.7 | 192.00 | NOTE | |||
r-oldrel-macos-x86_64 | 0.6.7 | 227.00 | NOTE | |||
r-oldrel-windows-x86_64 | 0.6.7 | 255.00 | 143.00 | 398.00 | OK |
Version: 0.6.7
Check: installed package size
Result: NOTE
installed size is 10.0Mb
sub-directories of 1Mb or more:
libs 9.6Mb
Flavors: r-release-macos-arm64, r-oldrel-macos-arm64, r-oldrel-macos-x86_64
Version: 0.6.5
Check: C++ specification
Result: NOTE
Specified C++11: please drop specification unless essential
Flavor: r-release-macos-x86_64
Version: 0.6.5
Check: installed package size
Result: NOTE
installed size is 9.5Mb
sub-directories of 1Mb or more:
libs 9.2Mb
Flavor: r-release-macos-x86_64