CRAN Package Check Results for Package ordinalbayes

Last updated on 2023-09-20 19:54:50 CEST.

Flavor Version Tinstall Tcheck Ttotal Status Flags
r-devel-linux-x86_64-debian-clang 0.1.1 53.98 497.75 551.73 OK
r-devel-linux-x86_64-debian-gcc 0.1.1 39.27 358.52 397.79 OK
r-devel-linux-x86_64-fedora-clang 0.1.1 687.37 NOTE
r-devel-linux-x86_64-fedora-gcc 0.1.1 671.86 NOTE
r-devel-windows-x86_64 0.1.1 44.00 516.00 560.00 OK
r-patched-linux-x86_64 0.1.1 54.24 461.89 516.13 OK
r-release-linux-x86_64 0.1.1 41.16 471.31 512.47 OK
r-release-macos-arm64 0.1.1 243.00 OK
r-release-macos-x86_64 0.1.1 349.00 OK
r-release-windows-x86_64 0.1.1 57.00 642.00 699.00 OK
r-oldrel-macos-arm64 0.1.1 255.00 NOTE
r-oldrel-macos-x86_64 0.1.1 307.00 NOTE
r-oldrel-windows-x86_64 0.1.1 69.00 688.00 757.00 OK

Check Details

Version: 0.1.1
Check: dependencies in R code
Result: NOTE
    Namespace in Imports field not imported from: ‘devtools’
     All declared Imports should be used.
Flavors: r-devel-linux-x86_64-fedora-clang, r-devel-linux-x86_64-fedora-gcc, r-oldrel-macos-arm64, r-oldrel-macos-x86_64