Last updated on 2023-10-04 08:01:45 CEST.
Flavor | Version | Tinstall | Tcheck | Ttotal | Status | Flags |
---|---|---|---|---|---|---|
r-devel-linux-x86_64-debian-clang | 2.0.7 | 184.00 | 288.66 | 472.66 | OK | |
r-devel-linux-x86_64-debian-gcc | 2.0.7 | 123.59 | 216.00 | 339.59 | OK | |
r-devel-linux-x86_64-fedora-clang | 2.0.7 | 655.39 | OK | |||
r-devel-linux-x86_64-fedora-gcc | 2.0.7 | 640.39 | OK | |||
r-devel-windows-x86_64 | 2.0.7 | 141.00 | 252.00 | 393.00 | OK | |
r-patched-linux-x86_64 | 2.0.7 | 141.22 | 278.53 | 419.75 | OK | |
r-release-linux-x86_64 | 2.0.7 | 168.33 | 280.16 | 448.49 | OK | |
r-release-macos-arm64 | 2.0.7 | 166.00 | NOTE | |||
r-release-macos-x86_64 | 2.0.7 | 315.00 | NOTE | |||
r-release-windows-x86_64 | 2.0.7 | 189.00 | 307.00 | 496.00 | OK | |
r-oldrel-macos-arm64 | 2.0.7 | 147.00 | NOTE | |||
r-oldrel-macos-x86_64 | 2.0.7 | 201.00 | NOTE | |||
r-oldrel-windows-x86_64 | 2.0.7 | 179.00 | 309.00 | 488.00 | OK |
Version: 2.0.7
Check: installed package size
Result: NOTE
installed size is 6.1Mb
sub-directories of 1Mb or more:
extdata 1.8Mb
libs 3.2Mb
Flavors: r-release-macos-arm64, r-release-macos-x86_64, r-oldrel-macos-arm64, r-oldrel-macos-x86_64