Last updated on 2023-10-04 08:01:44 CEST.
Flavor | Version | Tinstall | Tcheck | Ttotal | Status | Flags |
---|---|---|---|---|---|---|
r-devel-linux-x86_64-debian-clang | 1.2.0 | 179.24 | 167.60 | 346.84 | OK | |
r-devel-linux-x86_64-debian-gcc | 1.2.0 | 143.83 | 123.58 | 267.41 | OK | |
r-devel-linux-x86_64-fedora-clang | 1.2.0 | 464.94 | NOTE | |||
r-devel-linux-x86_64-fedora-gcc | 1.2.0 | 512.78 | NOTE | |||
r-devel-windows-x86_64 | 1.2.0 | 126.00 | 155.00 | 281.00 | NOTE | |
r-patched-linux-x86_64 | 1.2.0 | 184.97 | 163.47 | 348.44 | OK | |
r-release-linux-x86_64 | 1.2.0 | 183.29 | 165.06 | 348.35 | OK | |
r-release-macos-arm64 | 1.2.0 | 120.00 | NOTE | |||
r-release-macos-x86_64 | 1.2.0 | 212.00 | NOTE | |||
r-release-windows-x86_64 | 1.2.0 | 161.00 | 186.00 | 347.00 | NOTE | |
r-oldrel-macos-arm64 | 1.2.0 | 102.00 | NOTE | |||
r-oldrel-macos-x86_64 | 1.2.0 | 140.00 | NOTE | |||
r-oldrel-windows-x86_64 | 1.2.0 | 154.00 | 187.00 | 341.00 | NOTE |
Version: 1.2.0
Check: dependencies in R code
Result: NOTE
Namespace in Imports field not imported from: ‘Rdpack’
All declared Imports should be used.
Flavors: r-devel-linux-x86_64-fedora-clang, r-devel-linux-x86_64-fedora-gcc, r-oldrel-macos-arm64, r-oldrel-macos-x86_64
Version: 1.2.0
Check: installed package size
Result: NOTE
installed size is 5.1Mb
sub-directories of 1Mb or more:
extdata 2.1Mb
libs 1.4Mb
Flavors: r-devel-windows-x86_64, r-release-macos-arm64, r-release-macos-x86_64, r-release-windows-x86_64, r-oldrel-macos-arm64, r-oldrel-macos-x86_64, r-oldrel-windows-x86_64