Last updated on 2023-05-31 07:57:37 CEST.
Flavor | Version | Tinstall | Tcheck | Ttotal | Status | Flags |
---|---|---|---|---|---|---|
r-devel-linux-x86_64-debian-clang | 4.2.5.2 | 138.55 | 137.25 | 275.80 | OK | |
r-devel-linux-x86_64-debian-gcc | 4.2.5.2 | 109.21 | 106.50 | 215.71 | OK | |
r-devel-linux-x86_64-fedora-clang | 4.2.5.2 | 378.05 | OK | |||
r-devel-linux-x86_64-fedora-gcc | 4.2.5.2 | 371.46 | OK | |||
r-devel-windows-x86_64 | 4.2.5.2 | 89.00 | 163.00 | 252.00 | OK | |
r-patched-linux-x86_64 | 4.2.5.2 | 119.65 | 131.96 | 251.61 | OK | |
r-release-linux-x86_64 | 4.2.5.2 | 112.49 | 133.99 | 246.48 | OK | |
r-release-macos-arm64 | 4.2.5.2 | 109.00 | NOTE | |||
r-release-macos-x86_64 | 4.2.5.2 | 185.00 | NOTE | |||
r-release-windows-x86_64 | 4.2.5.2 | 141.00 | 194.00 | 335.00 | OK | |
r-oldrel-macos-arm64 | 4.2.5.2 | 96.00 | NOTE | |||
r-oldrel-macos-x86_64 | 4.2.5.2 | 146.00 | NOTE | |||
r-oldrel-windows-x86_64 | 4.2.5.2 | 148.00 | 173.00 | 321.00 | OK |
Version: 4.2.5.2
Check: installed package size
Result: NOTE
installed size is 7.1Mb
sub-directories of 1Mb or more:
extdata 1.1Mb
libs 4.9Mb
Flavors: r-release-macos-arm64, r-release-macos-x86_64, r-oldrel-macos-arm64, r-oldrel-macos-x86_64