Last updated on 2024-04-18 20:55:55 CEST.
Flavor | Version | Tinstall | Tcheck | Ttotal | Status | Flags |
---|---|---|---|---|---|---|
r-devel-linux-x86_64-debian-clang | 2.4.0 | 35.21 | 186.03 | 221.24 | OK | |
r-devel-linux-x86_64-debian-gcc | 2.4.0 | 32.17 | 140.14 | 172.31 | OK | |
r-devel-linux-x86_64-fedora-clang | 2.4.0 | 286.10 | NOTE | |||
r-devel-linux-x86_64-fedora-gcc | 2.4.0 | 313.09 | NOTE | |||
r-prerel-macos-arm64 | 2.4.0 | 89.00 | NOTE | |||
r-prerel-windows-x86_64 | 2.4.0 | 51.00 | 255.00 | 306.00 | NOTE | |
r-patched-linux-x86_64 | 2.4.0 | 39.94 | 178.11 | 218.05 | OK | |
r-release-linux-x86_64 | 2.4.0 | 28.60 | 174.79 | 203.39 | OK | |
r-release-macos-arm64 | 2.4.0 | 90.00 | NOTE | |||
r-release-macos-x86_64 | 2.4.0 | 137.00 | NOTE | |||
r-release-windows-x86_64 | 2.4.0 | 62.00 | 312.00 | 374.00 | NOTE | |
r-oldrel-macos-arm64 | 2.4.0 | 88.00 | NOTE | |||
r-oldrel-windows-x86_64 | 2.4.0 | 64.00 | 260.00 | 324.00 | NOTE |
Version: 2.4.0
Check: installed package size
Result: NOTE
installed size is 5.2Mb
sub-directories of 1Mb or more:
data 4.2Mb
Flavors: r-devel-linux-x86_64-fedora-clang, r-prerel-macos-arm64, r-prerel-windows-x86_64, r-release-macos-arm64, r-release-macos-x86_64, r-release-windows-x86_64, r-oldrel-macos-arm64, r-oldrel-windows-x86_64
Version: 2.4.0
Check: data for non-ASCII characters
Result: NOTE
Note: found 2524 marked UTF-8 strings
Flavors: r-devel-linux-x86_64-fedora-clang, r-devel-linux-x86_64-fedora-gcc, r-oldrel-macos-arm64