Last updated on 2023-06-05 20:57:45 CEST.
Flavor | Version | Tinstall | Tcheck | Ttotal | Status | Flags |
---|---|---|---|---|---|---|
r-devel-linux-x86_64-debian-clang | 2.17-0 | 54.95 | 260.79 | 315.74 | OK | |
r-devel-linux-x86_64-debian-gcc | 2.17-0 | 38.96 | 193.60 | 232.56 | OK | |
r-devel-linux-x86_64-fedora-clang | 2.17-0 | 390.53 | NOTE | |||
r-devel-linux-x86_64-fedora-gcc | 2.17-0 | 379.20 | OK | |||
r-devel-windows-x86_64 | 2.17-0 | 45.00 | 224.00 | 269.00 | OK | |
r-patched-linux-x86_64 | 2.17-0 | 52.37 | 240.11 | 292.48 | OK | |
r-release-linux-x86_64 | 2.17-0 | 49.96 | 243.87 | 293.83 | OK | |
r-release-macos-arm64 | 2.17-0 | 103.00 | OK | |||
r-release-macos-x86_64 | 2.16-0 | 174.00 | NOTE | |||
r-release-windows-x86_64 | 2.17-0 | 63.00 | 283.00 | 346.00 | OK | |
r-oldrel-macos-arm64 | 2.17-0 | 98.00 | OK | |||
r-oldrel-macos-x86_64 | 2.17-0 | 131.00 | OK | |||
r-oldrel-windows-x86_64 | 2.17-0 | 59.00 | 248.00 | 307.00 | OK |
Version: 2.17-0
Check: Rd cross-references
Result: NOTE
Undeclared package ‘worldmet’ in Rd xrefs
Flavor: r-devel-linux-x86_64-fedora-clang
Version: 2.16-0
Check: Rd cross-references
Result: NOTE
Package unavailable to check Rd xrefs: ‘worldmet’
Flavor: r-release-macos-x86_64