Last updated on 2023-06-08 08:55:28 CEST.
Flavor | Version | Tinstall | Tcheck | Ttotal | Status | Flags |
---|---|---|---|---|---|---|
r-devel-linux-x86_64-debian-clang | 1.0.1 | 48.69 | 399.50 | 448.19 | NOTE | |
r-devel-linux-x86_64-debian-gcc | 1.0.1 | 38.84 | 292.35 | 331.19 | NOTE | |
r-devel-linux-x86_64-fedora-clang | 1.0.1 | 564.00 | NOTE | |||
r-devel-linux-x86_64-fedora-gcc | 1.0.1 | 575.86 | NOTE | |||
r-devel-windows-x86_64 | 1.0.1 | 40.00 | 326.00 | 366.00 | NOTE | |
r-patched-linux-x86_64 | 1.0.1 | 39.21 | 389.26 | 428.47 | NOTE | |
r-release-linux-x86_64 | 1.0.1 | 40.46 | 389.32 | 429.78 | NOTE | |
r-release-macos-arm64 | 1.0.1 | 142.00 | NOTE | |||
r-release-macos-x86_64 | 1.0.1 | 249.00 | NOTE | |||
r-release-windows-x86_64 | 1.0.1 | 54.00 | 403.00 | 457.00 | NOTE | |
r-oldrel-macos-arm64 | 1.0.1 | 126.00 | NOTE | |||
r-oldrel-macos-x86_64 | 1.0.1 | 210.00 | NOTE | |||
r-oldrel-windows-x86_64 | 1.0.1 | 51.00 | 381.00 | 432.00 | OK |
Version: 1.0.1
Check: C++ specification
Result: NOTE
Specified C++11: please drop specification unless essential
Flavors: r-devel-linux-x86_64-debian-clang, r-devel-linux-x86_64-debian-gcc, r-devel-linux-x86_64-fedora-clang, r-devel-linux-x86_64-fedora-gcc, r-devel-windows-x86_64, r-patched-linux-x86_64, r-release-linux-x86_64, r-release-macos-arm64, r-release-macos-x86_64, r-release-windows-x86_64
Version: 1.0.1
Check: installed package size
Result: NOTE
installed size is 5.6Mb
sub-directories of 1Mb or more:
doc 3.2Mb
libs 1.7Mb
Flavors: r-release-macos-arm64, r-release-macos-x86_64, r-oldrel-macos-arm64, r-oldrel-macos-x86_64