Last updated on 2024-03-29 07:54:50 CET.
Flavor | Version | Tinstall | Tcheck | Ttotal | Status | Flags |
---|---|---|---|---|---|---|
r-devel-linux-x86_64-debian-clang | 1.0.2 | 51.35 | 406.95 | 458.30 | OK | |
r-devel-linux-x86_64-debian-gcc | 1.0.2 | 42.94 | 288.56 | 331.50 | OK | |
r-devel-linux-x86_64-fedora-clang | 1.0.2 | 567.79 | OK | |||
r-devel-linux-x86_64-fedora-gcc | 1.0.2 | 577.80 | OK | |||
r-devel-windows-x86_64 | 1.0.2 | 43.00 | 331.00 | 374.00 | OK | |
r-patched-linux-x86_64 | 1.0.2 | 54.25 | 400.44 | 454.69 | OK | |
r-release-linux-x86_64 | 1.0.2 | 49.78 | 400.21 | 449.99 | OK | |
r-release-macos-arm64 | 1.0.2 | 157.00 | NOTE | |||
r-release-macos-x86_64 | 1.0.2 | 418.00 | NOTE | |||
r-release-windows-x86_64 | 1.0.2 | 52.00 | 405.00 | 457.00 | OK | |
r-oldrel-macos-arm64 | 1.0.2 | 122.00 | NOTE | |||
r-oldrel-windows-x86_64 | 1.0.2 | 52.00 | 377.00 | 429.00 | OK |
Version: 1.0.2
Check: installed package size
Result: NOTE
installed size is 5.5Mb
sub-directories of 1Mb or more:
doc 3.2Mb
libs 1.6Mb
Flavors: r-release-macos-arm64, r-release-macos-x86_64, r-oldrel-macos-arm64