Last updated on 2024-04-19 07:56:49 CEST.
Flavor | Version | Tinstall | Tcheck | Ttotal | Status | Flags |
---|---|---|---|---|---|---|
r-devel-linux-x86_64-debian-clang | 0.0.4 | 28.56 | 39.94 | 68.50 | NOTE | |
r-devel-linux-x86_64-debian-gcc | 0.0.4 | NOTE | ||||
r-devel-linux-x86_64-fedora-clang | 0.0.4 | 94.06 | NOTE | |||
r-devel-linux-x86_64-fedora-gcc | 0.0.4 | 104.49 | NOTE | |||
r-prerel-macos-arm64 | 0.0.4 | 32.00 | NOTE | |||
r-prerel-windows-x86_64 | 0.0.4 | 21.00 | 71.00 | 92.00 | NOTE | |
r-patched-linux-x86_64 | 0.0.4 | 27.28 | 39.71 | 66.99 | NOTE | |
r-release-linux-x86_64 | 0.0.4 | 25.55 | 37.62 | 63.17 | NOTE | |
r-release-macos-arm64 | 0.0.4 | 36.00 | NOTE | |||
r-release-macos-x86_64 | 0.0.4 | 52.00 | NOTE | |||
r-release-windows-x86_64 | 0.0.4 | 21.00 | 79.00 | 100.00 | NOTE | |
r-oldrel-macos-arm64 | 0.0.4 | 29.00 | NOTE | |||
r-oldrel-windows-x86_64 | 0.0.4 | 27.00 | 80.00 | 107.00 | NOTE |
Version: 0.0.4
Check: LazyData
Result: NOTE
'LazyData' is specified without a 'data' directory
Flavors: r-devel-linux-x86_64-debian-clang, r-devel-linux-x86_64-debian-gcc, r-devel-linux-x86_64-fedora-clang, r-devel-linux-x86_64-fedora-gcc, r-prerel-macos-arm64, r-prerel-windows-x86_64, r-patched-linux-x86_64, r-release-linux-x86_64, r-release-macos-arm64, r-release-macos-x86_64, r-release-windows-x86_64, r-oldrel-macos-arm64, r-oldrel-windows-x86_64