CRAN Package Check Results for Package oem

Last updated on 2023-09-22 19:54:38 CEST.

Flavor Version Tinstall Tcheck Ttotal Status Flags
r-devel-linux-x86_64-debian-clang 2.0.11 381.97 208.13 590.10 NOTE
r-devel-linux-x86_64-debian-gcc 2.0.11 311.65 172.31 483.96 NOTE
r-devel-linux-x86_64-fedora-clang 2.0.11 750.77 NOTE
r-devel-linux-x86_64-fedora-gcc 2.0.11 910.93 NOTE
r-devel-windows-x86_64 2.0.11 257.00 266.00 523.00 NOTE
r-patched-linux-x86_64 2.0.11 408.91 234.37 643.28 NOTE
r-release-linux-x86_64 2.0.11 390.65 221.57 612.22 NOTE
r-release-macos-arm64 2.0.11 245.00 NOTE
r-release-macos-x86_64 2.0.11 421.00 NOTE
r-release-windows-x86_64 2.0.11 342.00 295.00 637.00 NOTE
r-oldrel-macos-arm64 2.0.11 225.00 NOTE
r-oldrel-macos-x86_64 2.0.11 295.00 NOTE
r-oldrel-windows-x86_64 2.0.11 323.00 292.00 615.00 OK

Check Details

Version: 2.0.11
Check: C++ specification
Result: NOTE
     Specified C++11: please drop specification unless essential
Flavors: r-devel-linux-x86_64-debian-clang, r-devel-linux-x86_64-debian-gcc, r-devel-linux-x86_64-fedora-clang, r-devel-linux-x86_64-fedora-gcc, r-devel-windows-x86_64, r-patched-linux-x86_64, r-release-linux-x86_64, r-release-macos-arm64, r-release-macos-x86_64, r-release-windows-x86_64

Version: 2.0.11
Check: installed package size
Result: NOTE
     installed size is 99.2Mb
     sub-directories of 1Mb or more:
     libs 98.2Mb
Flavors: r-release-macos-arm64, r-release-macos-x86_64, r-oldrel-macos-arm64, r-oldrel-macos-x86_64