Last updated on 2024-04-18 08:54:38 CEST.
Flavor | Version | Tinstall | Tcheck | Ttotal | Status | Flags |
---|---|---|---|---|---|---|
r-devel-linux-x86_64-debian-clang | 0.5.0 | 11.71 | 121.96 | 133.67 | OK | |
r-devel-linux-x86_64-debian-gcc | 0.5.0 | 12.02 | 89.21 | 101.23 | OK | |
r-devel-linux-x86_64-fedora-clang | 0.5.0 | 165.12 | NOTE | |||
r-devel-linux-x86_64-fedora-gcc | 0.5.0 | 158.49 | NOTE | |||
r-prerel-macos-arm64 | 0.5.0 | 48.00 | OK | |||
r-prerel-windows-x86_64 | 0.5.0 | 14.00 | 98.00 | 112.00 | OK | |
r-patched-linux-x86_64 | 0.5.0 | 14.18 | 115.72 | 129.90 | OK | |
r-release-linux-x86_64 | 0.5.0 | 10.31 | 117.02 | 127.33 | OK | |
r-release-macos-arm64 | 0.5.0 | 52.00 | OK | |||
r-release-macos-x86_64 | 0.5.0 | 86.00 | OK | |||
r-release-windows-x86_64 | 0.5.0 | 19.00 | 123.00 | 142.00 | OK | |
r-oldrel-macos-arm64 | 0.5.0 | 48.00 | NOTE | |||
r-oldrel-windows-x86_64 | 0.5.0 | 21.00 | 127.00 | 148.00 | OK |
Version: 0.5.0
Check: dependencies in R code
Result: NOTE
Namespaces in Imports field not imported from:
‘RColorBrewer’ ‘graphics’
All declared Imports should be used.
Flavors: r-devel-linux-x86_64-fedora-clang, r-devel-linux-x86_64-fedora-gcc, r-oldrel-macos-arm64