Last updated on 2023-06-06 20:09:50 CEST.
Flavor | Version | Tinstall | Tcheck | Ttotal | Status | Flags |
---|---|---|---|---|---|---|
r-devel-linux-x86_64-debian-clang | 2.0.1 | 10.43 | 113.01 | 123.44 | OK | |
r-devel-linux-x86_64-debian-gcc | 2.0.1 | 7.52 | 84.97 | 92.49 | OK | |
r-devel-linux-x86_64-fedora-clang | 2.0.1 | 150.88 | NOTE | |||
r-devel-linux-x86_64-fedora-gcc | 2.0.1 | 156.62 | OK | |||
r-devel-windows-x86_64 | 2.0.1 | 11.00 | 112.00 | 123.00 | OK | |
r-patched-linux-x86_64 | 2.0.1 | 13.15 | 103.87 | 117.02 | OK | |
r-release-linux-x86_64 | 2.0.1 | 8.90 | 104.83 | 113.73 | OK | |
r-release-macos-arm64 | 2.0.1 | 55.00 | OK | |||
r-release-macos-x86_64 | 2.0.1 | 85.00 | OK | |||
r-release-windows-x86_64 | 2.0.1 | 13.00 | 124.00 | 137.00 | OK | |
r-oldrel-macos-arm64 | 2.0.1 | 42.00 | OK | |||
r-oldrel-macos-x86_64 | 2.0.1 | 87.00 | OK | |||
r-oldrel-windows-x86_64 | 2.0.1 | 14.00 | 128.00 | 142.00 | OK |
Version: 2.0.1
Check: Rd cross-references
Result: NOTE
Undeclared package ‘gam’ in Rd xrefs
Flavor: r-devel-linux-x86_64-fedora-clang