CRAN Package Check Results for Package odds.n.ends

Last updated on 2024-06-20 08:54:54 CEST.

Flavor Version Tinstall Tcheck Ttotal Status Flags
r-devel-linux-x86_64-debian-clang 0.1.4 1.83 26.14 27.97 OK
r-devel-linux-x86_64-debian-gcc 0.1.4 1.51 20.04 21.55 OK
r-devel-linux-x86_64-fedora-clang 0.1.4 37.03 NOTE
r-devel-linux-x86_64-fedora-gcc 0.1.4 46.83 NOTE
r-devel-windows-x86_64 0.1.4 2.00 43.00 45.00 OK
r-patched-linux-x86_64 0.1.4 1.81 25.07 26.88 OK
r-release-linux-x86_64 0.1.4 1.98 24.93 26.91 OK
r-release-macos-arm64 0.1.4 22.00 OK
r-release-macos-x86_64 0.1.4 32.00 OK
r-release-windows-x86_64 0.1.4 3.00 45.00 48.00 OK
r-oldrel-macos-arm64 0.1.4 25.00 OK
r-oldrel-macos-x86_64 0.1.4 28.00 OK
r-oldrel-windows-x86_64 0.1.4 3.00 42.00 45.00 OK

Check Details

Version: 0.1.4
Check: dependencies in R code
Result: NOTE Namespace in Imports field not imported from: ‘MASS’ All declared Imports should be used. Flavors: r-devel-linux-x86_64-fedora-clang, r-devel-linux-x86_64-fedora-gcc