CRAN Package Check Results for Package odds.n.ends

Last updated on 2023-06-03 08:05:50 CEST.

Flavor Version Tinstall Tcheck Ttotal Status Flags
r-devel-linux-x86_64-debian-clang 0.1.4 2.04 22.70 24.74 OK
r-devel-linux-x86_64-debian-gcc 0.1.4 1.34 18.38 19.72 OK
r-devel-linux-x86_64-fedora-clang 0.1.4 32.19 NOTE
r-devel-linux-x86_64-fedora-gcc 0.1.4 41.71 NOTE
r-devel-windows-x86_64 0.1.4 3.00 44.00 47.00 OK
r-patched-linux-x86_64 0.1.4 OK
r-release-linux-x86_64 0.1.4 1.73 22.73 24.46 OK
r-release-macos-arm64 0.1.4 25.00 OK
r-release-macos-x86_64 0.1.4 28.00 OK
r-release-windows-x86_64 0.1.4 3.00 42.00 45.00 OK
r-oldrel-macos-arm64 0.1.4 19.00 OK
r-oldrel-macos-x86_64 0.1.4 24.00 NOTE
r-oldrel-windows-x86_64 0.1.4 3.00 42.00 45.00 OK

Check Details

Version: 0.1.4
Check: dependencies in R code
Result: NOTE
    Namespace in Imports field not imported from: ‘MASS’
     All declared Imports should be used.
Flavors: r-devel-linux-x86_64-fedora-clang, r-devel-linux-x86_64-fedora-gcc, r-oldrel-macos-x86_64