Last updated on 2024-03-29 07:54:50 CET.
Flavor | Version | Tinstall | Tcheck | Ttotal | Status | Flags |
---|---|---|---|---|---|---|
r-devel-linux-x86_64-debian-clang | 0.1.6 | 9.89 | 80.41 | 90.30 | OK | |
r-devel-linux-x86_64-debian-gcc | 0.1.6 | 7.72 | 61.57 | 69.29 | OK | |
r-devel-linux-x86_64-fedora-clang | 0.1.6 | 109.06 | NOTE | |||
r-devel-linux-x86_64-fedora-gcc | 0.1.6 | 105.25 | NOTE | |||
r-devel-windows-x86_64 | 0.1.6 | 9.00 | 77.00 | 86.00 | OK | |
r-patched-linux-x86_64 | 0.1.6 | 6.56 | 76.67 | 83.23 | OK | |
r-release-linux-x86_64 | 0.1.6 | 6.39 | 75.83 | 82.22 | OK | |
r-release-macos-arm64 | 0.1.6 | 34.00 | OK | |||
r-release-macos-x86_64 | 0.1.6 | 70.00 | OK | |||
r-release-windows-x86_64 | 0.1.6 | 13.00 | 88.00 | 101.00 | OK | |
r-oldrel-macos-arm64 | 0.1.6 | 35.00 | OK | |||
r-oldrel-windows-x86_64 | 0.1.6 | 13.00 | 92.00 | 105.00 | OK |
Version: 0.1.6
Check: data for non-ASCII characters
Result: NOTE
Note: found 1242 marked UTF-8 strings
Flavors: r-devel-linux-x86_64-fedora-clang, r-devel-linux-x86_64-fedora-gcc