Last updated on 2024-03-28 07:52:56 CET.
Flavor | Version | Tinstall | Tcheck | Ttotal | Status | Flags |
---|---|---|---|---|---|---|
r-devel-linux-x86_64-debian-clang | 0.5.6 | 12.36 | 170.16 | 182.52 | OK | |
r-devel-linux-x86_64-debian-gcc | 0.5.6 | 10.27 | 124.96 | 135.23 | OK | |
r-devel-linux-x86_64-fedora-clang | 0.5.6 | 246.33 | NOTE | |||
r-devel-linux-x86_64-fedora-gcc | 0.5.6 | 241.17 | NOTE | |||
r-devel-windows-x86_64 | 0.5.6 | 12.00 | 194.00 | 206.00 | OK | |
r-patched-linux-x86_64 | 0.5.6 | 18.11 | 160.47 | 178.58 | OK | |
r-release-linux-x86_64 | 0.5.6 | 12.38 | 160.07 | 172.45 | OK | |
r-release-macos-arm64 | 0.5.6 | 505.00 | OK | |||
r-release-macos-x86_64 | 0.5.6 | 507.00 | OK | |||
r-release-windows-x86_64 | 0.5.6 | 15.00 | 252.00 | 267.00 | OK | |
r-oldrel-macos-arm64 | 0.5.6 | 463.00 | NOTE | |||
r-oldrel-windows-x86_64 | 0.5.6 | 19.00 | 234.00 | 253.00 | OK |
Version: 0.5.6
Check: dependencies in R code
Result: NOTE
Namespace in Imports field not imported from: ‘httr’
All declared Imports should be used.
Flavors: r-devel-linux-x86_64-fedora-clang, r-devel-linux-x86_64-fedora-gcc, r-oldrel-macos-arm64
Version: 0.5.6
Check: data for non-ASCII characters
Result: NOTE
Note: found 7 marked UTF-8 strings
Flavors: r-devel-linux-x86_64-fedora-clang, r-devel-linux-x86_64-fedora-gcc, r-oldrel-macos-arm64