CRAN Package Check Results for Package nycflights23

Last updated on 2025-01-18 19:49:14 CET.

Flavor Version Tinstall Tcheck Ttotal Status Flags
r-devel-linux-x86_64-debian-clang 0.1.0 20.38 32.77 53.15 OK
r-devel-linux-x86_64-debian-gcc 0.1.0 16.66 25.91 42.57 OK
r-devel-linux-x86_64-fedora-clang 0.1.0 80.51 OK
r-devel-linux-x86_64-fedora-gcc 0.1.0 85.04 OK
r-devel-windows-x86_64 0.1.0 19.00 50.00 69.00 OK
r-patched-linux-x86_64 0.1.0 20.78 33.28 54.06 OK
r-release-linux-x86_64 0.1.0 20.78 32.64 53.42 OK
r-release-macos-arm64 0.1.0 35.00 NOTE
r-release-macos-x86_64 0.1.0 54.00 NOTE
r-release-windows-x86_64 0.1.0 18.00 53.00 71.00 NOTE
r-oldrel-macos-arm64 0.1.0 46.00 NOTE
r-oldrel-macos-x86_64 0.1.0 95.00 NOTE
r-oldrel-windows-x86_64 0.1.0 19.00 59.00 78.00 NOTE

Check Details

Version: 0.1.0
Check: installed package size
Result: NOTE installed size is 6.5Mb sub-directories of 1Mb or more: data 6.4Mb Flavors: r-release-macos-arm64, r-release-macos-x86_64, r-release-windows-x86_64, r-oldrel-macos-arm64, r-oldrel-macos-x86_64, r-oldrel-windows-x86_64