Last updated on 2024-04-23 19:50:52 CEST.
Flavor | Version | Tinstall | Tcheck | Ttotal | Status | Flags |
---|---|---|---|---|---|---|
r-devel-linux-x86_64-debian-clang | 0.8.0 | 36.24 | 92.57 | 128.81 | OK | |
r-devel-linux-x86_64-debian-gcc | 0.8.0 | 27.46 | 64.20 | 91.66 | OK | |
r-devel-linux-x86_64-fedora-clang | 0.8.0 | 164.76 | OK | |||
r-devel-linux-x86_64-fedora-gcc | 0.8.0 | 152.81 | OK | |||
r-prerel-macos-arm64 | 0.8.0 | 38.00 | NOTE | |||
r-prerel-windows-x86_64 | 0.8.0 | 33.00 | 103.00 | 136.00 | OK | |
r-patched-linux-x86_64 | 0.8.0 | 33.82 | 88.35 | 122.17 | OK | |
r-release-linux-x86_64 | 0.8.0 | 31.92 | 88.01 | 119.93 | OK | |
r-release-macos-arm64 | 0.8.0 | 41.00 | NOTE | |||
r-release-macos-x86_64 | 0.8.0 | 70.00 | NOTE | |||
r-release-windows-x86_64 | 0.8.0 | 33.00 | 119.00 | 152.00 | OK | |
r-oldrel-macos-arm64 | 0.8.0 | 37.00 | NOTE | |||
r-oldrel-windows-x86_64 | 0.8.0 | 39.00 | 105.00 | 144.00 | OK |
Version: 0.8.0
Check: package dependencies
Result: NOTE
Package suggested but not available for checking: ‘Rmpi’
Flavors: r-prerel-macos-arm64, r-release-macos-arm64, r-release-macos-x86_64, r-oldrel-macos-arm64