Last updated on 2025-01-20 19:49:21 CET.
Flavor | Version | Tinstall | Tcheck | Ttotal | Status | Flags |
---|---|---|---|---|---|---|
r-devel-linux-x86_64-debian-clang | 0.4.0 | 30.45 | 52.69 | 83.14 | NOTE | |
r-devel-linux-x86_64-debian-gcc | 0.4.0 | 23.11 | 37.22 | 60.33 | NOTE | |
r-devel-linux-x86_64-fedora-clang | 0.4.0 | 144.92 | NOTE | |||
r-devel-linux-x86_64-fedora-gcc | 0.4.0 | 148.42 | NOTE | |||
r-devel-windows-x86_64 | 0.4.0 | 34.00 | 83.00 | 117.00 | NOTE | |
r-patched-linux-x86_64 | 0.4.0 | 37.29 | 49.13 | 86.42 | NOTE | |
r-release-linux-x86_64 | 0.4.0 | 31.66 | 49.56 | 81.22 | NOTE | |
r-release-macos-arm64 | 0.4.0 | 41.00 | NOTE | |||
r-release-macos-x86_64 | 0.4.0 | 68.00 | NOTE | |||
r-release-windows-x86_64 | 0.4.0 | 36.00 | 84.00 | 120.00 | NOTE | |
r-oldrel-macos-arm64 | 0.4.0 | 44.00 | NOTE | |||
r-oldrel-macos-x86_64 | 0.4.0 | 69.00 | NOTE | |||
r-oldrel-windows-x86_64 | 0.4.0 | 40.00 | 101.00 | 141.00 | NOTE |
Version: 0.4.0
Check: C++ specification
Result: NOTE
Specified C++11: please drop specification unless essential
Flavors: r-devel-linux-x86_64-debian-clang, r-devel-linux-x86_64-debian-gcc, r-devel-linux-x86_64-fedora-clang, r-devel-linux-x86_64-fedora-gcc, r-devel-windows-x86_64, r-patched-linux-x86_64, r-release-linux-x86_64, r-release-macos-arm64, r-release-macos-x86_64, r-release-windows-x86_64, r-oldrel-macos-arm64, r-oldrel-macos-x86_64, r-oldrel-windows-x86_64
Version: 0.4.0
Check: Rd cross-references
Result: NOTE
Found the following Rd file(s) with Rd \link{} targets missing package
anchors:
nprobust.plot.Rd: ggplot2
Please provide package anchors for all Rd \link{} targets not in the
package itself and the base packages.
Flavors: r-devel-linux-x86_64-debian-clang, r-devel-linux-x86_64-debian-gcc, r-devel-windows-x86_64