CRAN Package Check Results for Package nprobust

Last updated on 2024-05-22 19:53:09 CEST.

Flavor Version Tinstall Tcheck Ttotal Status Flags
r-devel-linux-x86_64-debian-clang 0.4.0 47.74 68.24 115.98 NOTE
r-devel-linux-x86_64-debian-gcc 0.4.0 35.19 50.56 85.75 NOTE
r-devel-linux-x86_64-fedora-clang 0.4.0 156.01 NOTE
r-devel-linux-x86_64-fedora-gcc 0.4.0 167.56 NOTE
r-devel-windows-x86_64 0.4.0 39.00 85.00 124.00 NOTE
r-patched-linux-x86_64 0.4.0 53.29 67.68 120.97 NOTE
r-release-linux-x86_64 0.4.0 46.16 65.02 111.18 NOTE
r-release-macos-arm64 0.4.0 41.00 NOTE
r-release-windows-x86_64 0.4.0 40.00 90.00 130.00 NOTE
r-oldrel-macos-arm64 0.4.0 44.00 NOTE
r-oldrel-macos-x86_64 0.4.0 69.00 NOTE
r-oldrel-windows-x86_64 0.4.0 48.00 99.00 147.00 NOTE

Check Details

Version: 0.4.0
Check: C++ specification
Result: NOTE Specified C++11: please drop specification unless essential Flavors: r-devel-linux-x86_64-debian-clang, r-devel-linux-x86_64-debian-gcc, r-devel-linux-x86_64-fedora-clang, r-devel-linux-x86_64-fedora-gcc, r-devel-windows-x86_64, r-patched-linux-x86_64, r-release-linux-x86_64, r-release-macos-arm64, r-release-windows-x86_64, r-oldrel-macos-arm64, r-oldrel-macos-x86_64, r-oldrel-windows-x86_64