Last updated on 2023-10-01 08:52:05 CEST.
Flavor | Version | Tinstall | Tcheck | Ttotal | Status | Flags |
---|---|---|---|---|---|---|
r-devel-linux-x86_64-debian-clang | 1.1.0 | 4.74 | 239.61 | 244.35 | NOTE | |
r-devel-linux-x86_64-debian-gcc | 1.1.0 | 5.19 | 167.40 | 172.59 | NOTE | |
r-devel-linux-x86_64-fedora-clang | 1.1.0 | 294.11 | NOTE | |||
r-devel-linux-x86_64-fedora-gcc | 1.1.0 | 309.04 | NOTE | |||
r-devel-windows-x86_64 | 1.1.0 | 5.00 | 175.00 | 180.00 | NOTE | |
r-patched-linux-x86_64 | 1.1.0 | 6.73 | 222.12 | 228.85 | OK | |
r-release-linux-x86_64 | 1.1.0 | 5.89 | 227.06 | 232.95 | OK | |
r-release-macos-arm64 | 1.1.0 | 83.00 | OK | |||
r-release-macos-x86_64 | 1.1.0 | 157.00 | OK | |||
r-release-windows-x86_64 | 1.1.0 | 8.00 | 226.00 | 234.00 | OK | |
r-oldrel-macos-arm64 | 1.1.0 | 61.00 | NOTE | |||
r-oldrel-macos-x86_64 | 1.1.0 | 100.00 | OK | |||
r-oldrel-windows-x86_64 | 1.1.0 | 8.00 | 224.00 | 232.00 | OK |
Version: 1.1.0
Check: Rd \usage sections
Result: NOTE
Documented arguments not in \usage in documentation object 'FunctionSanityChecks':
‘structure’
Documented arguments not in \usage in documentation object 'newLine':
‘current.in’
Documented arguments not in \usage in documentation object 'nosoiSimConstructor':
‘pres.time’
Functions with \usage entries need to have the appropriate \alias
entries, and all their arguments documented.
The \usage entries must correspond to syntactically valid R code.
See chapter ‘Writing R documentation files’ in the ‘Writing R
Extensions’ manual.
Flavors: r-devel-linux-x86_64-debian-clang, r-devel-linux-x86_64-debian-gcc, r-devel-linux-x86_64-fedora-clang, r-devel-linux-x86_64-fedora-gcc, r-devel-windows-x86_64
Version: 1.1.0
Check: package dependencies
Result: NOTE
Packages suggested but not available for checking: 'treeio', 'ggtree'
Flavor: r-oldrel-macos-arm64
Version: 1.1.0
Check: Rd cross-references
Result: NOTE
Package unavailable to check Rd xrefs: ‘treeio’
Flavor: r-oldrel-macos-arm64