Last updated on 2025-01-23 19:49:31 CET.
Flavor | Version | Tinstall | Tcheck | Ttotal | Status | Flags |
---|---|---|---|---|---|---|
r-devel-linux-x86_64-debian-clang | 1.1.2 | 8.43 | 104.83 | 113.26 | NOTE | |
r-devel-linux-x86_64-debian-gcc | 1.1.2 | 5.87 | 77.07 | 82.94 | NOTE | |
r-devel-linux-x86_64-fedora-clang | 1.1.2 | 178.83 | OK | |||
r-devel-linux-x86_64-fedora-gcc | 1.1.2 | 170.39 | OK | |||
r-devel-windows-x86_64 | 1.1.2 | 10.00 | 118.00 | 128.00 | NOTE | |
r-patched-linux-x86_64 | 1.1.2 | 13.89 | 98.57 | 112.46 | OK | |
r-release-linux-x86_64 | 1.1.2 | 7.43 | 97.98 | 105.41 | OK | |
r-release-macos-arm64 | 1.1.2 | 46.00 | OK | |||
r-release-macos-x86_64 | 1.1.2 | 109.00 | OK | |||
r-release-windows-x86_64 | 1.1.2 | 11.00 | 118.00 | 129.00 | OK | |
r-oldrel-macos-arm64 | 1.1.2 | 53.00 | OK | |||
r-oldrel-macos-x86_64 | 1.1.2 | 97.00 | OK | |||
r-oldrel-windows-x86_64 | 1.1.2 | 12.00 | 130.00 | 142.00 | OK |
Version: 1.1.2
Check: Rd cross-references
Result: NOTE
Found the following Rd file(s) with Rd \link{} targets missing package
anchors:
autoplot.ts.Rd: geom_forecast, fortify
Please provide package anchors for all Rd \link{} targets not in the
package itself and the base packages.
Flavors: r-devel-linux-x86_64-debian-clang, r-devel-linux-x86_64-debian-gcc, r-devel-windows-x86_64