Last updated on 2024-04-24 07:57:47 CEST.
Flavor | Version | Tinstall | Tcheck | Ttotal | Status | Flags |
---|---|---|---|---|---|---|
r-devel-linux-x86_64-debian-clang | 0.4.0 | 17.73 | 226.92 | 244.65 | OK | |
r-devel-linux-x86_64-debian-gcc | 0.4.0 | 11.57 | 174.55 | 186.12 | OK | |
r-devel-linux-x86_64-fedora-clang | 0.4.0 | 310.66 | NOTE | |||
r-devel-linux-x86_64-fedora-gcc | 0.4.0 | 309.83 | NOTE | |||
r-prerel-macos-arm64 | 0.4.0 | 99.00 | OK | |||
r-prerel-windows-x86_64 | 0.4.0 | 13.00 | 200.00 | 213.00 | OK | |
r-patched-linux-x86_64 | 0.4.0 | 10.22 | 215.00 | 225.22 | OK | |
r-release-linux-x86_64 | 0.4.0 | 9.89 | 215.08 | 224.97 | OK | |
r-release-macos-arm64 | 0.4.0 | 113.00 | OK | |||
r-release-macos-x86_64 | 0.4.0 | 187.00 | OK | |||
r-release-windows-x86_64 | 0.4.0 | 18.00 | 237.00 | 255.00 | OK | |
r-oldrel-macos-arm64 | 0.4.0 | 96.00 | NOTE | |||
r-oldrel-windows-x86_64 | 0.4.0 | 19.00 | 245.00 | 264.00 | OK |
Version: 0.4.0
Check: dependencies in R code
Result: NOTE
Namespaces in Imports field not imported from:
‘dplyr’ ‘e1071’ ‘pROC’ ‘purrr’ ‘randomForest’ ‘rlang’
All declared Imports should be used.
Flavors: r-devel-linux-x86_64-fedora-clang, r-devel-linux-x86_64-fedora-gcc, r-oldrel-macos-arm64