Last updated on 2023-10-01 08:52:05 CEST.
Flavor | Version | Tinstall | Tcheck | Ttotal | Status | Flags |
---|---|---|---|---|---|---|
r-devel-linux-x86_64-debian-clang | 1.2.7 | 22.39 | 261.29 | 283.68 | OK | |
r-devel-linux-x86_64-debian-gcc | 1.2.7 | 16.50 | 71.57 | 88.07 | OK | |
r-devel-linux-x86_64-fedora-clang | 1.2.7 | 169.46 | OK | |||
r-devel-linux-x86_64-fedora-gcc | 1.2.7 | 168.76 | OK | |||
r-devel-windows-x86_64 | 1.2.7 | 21.00 | 120.00 | 141.00 | OK | |
r-patched-linux-x86_64 | 1.2.7 | 0.35 | 2.13 | 2.48 | ERROR | |
r-release-linux-x86_64 | 1.2.7 | 18.89 | 95.59 | 114.48 | OK | |
r-release-macos-arm64 | 1.2.7 | 59.00 | OK | |||
r-release-macos-x86_64 | 1.2.7 | 131.00 | OK | |||
r-release-windows-x86_64 | 1.2.7 | 29.00 | 147.00 | 176.00 | OK | |
r-oldrel-macos-arm64 | 1.2.7 | 73.00 | OK | |||
r-oldrel-macos-x86_64 | 1.2.7 | 64.00 | OK | |||
r-oldrel-windows-x86_64 | 1.2.7 | 26.00 | 126.00 | 152.00 | OK |
Version: 1.2.7
Check: package dependencies
Result: ERROR
Package required but not available: ‘babette’
See section ‘The DESCRIPTION file’ in the ‘Writing R Extensions’
manual.
Flavor: r-patched-linux-x86_64