Last updated on 2024-03-28 19:48:38 CET.
Flavor | Version | Tinstall | Tcheck | Ttotal | Status | Flags |
---|---|---|---|---|---|---|
r-devel-linux-x86_64-debian-clang | 0.2.5 | 210.35 | 65.13 | 275.48 | OK | |
r-devel-linux-x86_64-debian-gcc | 0.2.5 | 163.75 | 48.54 | 212.29 | OK | |
r-devel-linux-x86_64-fedora-clang | 0.2.5 | 397.28 | OK | |||
r-devel-linux-x86_64-fedora-gcc | 0.2.5 | 417.95 | OK | |||
r-devel-windows-x86_64 | 0.2.5 | 143.00 | 112.00 | 255.00 | OK | |
r-patched-linux-x86_64 | 0.2.5 | 204.24 | 63.33 | 267.57 | OK | |
r-release-linux-x86_64 | 0.2.5 | 205.11 | 59.79 | 264.90 | OK | |
r-release-macos-arm64 | 0.2.5 | 87.00 | NOTE | |||
r-release-macos-x86_64 | 0.2.5 | 127.00 | NOTE | |||
r-release-windows-x86_64 | 0.2.5 | 133.00 | 125.00 | 258.00 | OK | |
r-oldrel-macos-arm64 | 0.2.5 | 79.00 | NOTE | |||
r-oldrel-windows-x86_64 | 0.2.5 | 177.00 | 130.00 | 307.00 | OK |
Version: 0.2.5
Check: installed package size
Result: NOTE
installed size is 9.9Mb
sub-directories of 1Mb or more:
libs 9.3Mb
Flavors: r-release-macos-arm64, r-release-macos-x86_64, r-oldrel-macos-arm64