Last updated on 2023-12-05 18:49:31 CET.
Flavor | Version | Tinstall | Tcheck | Ttotal | Status | Flags |
---|---|---|---|---|---|---|
r-devel-linux-x86_64-debian-clang | 0.4.7 | 7.40 | 83.86 | 91.26 | OK | |
r-devel-linux-x86_64-debian-gcc | 0.4.7 | 6.68 | 62.52 | 69.20 | OK | |
r-devel-linux-x86_64-fedora-clang | 0.4.7 | 116.66 | NOTE | |||
r-devel-linux-x86_64-fedora-gcc | 0.4.7 | 126.96 | OK | |||
r-devel-windows-x86_64 | 0.4.7 | 12.00 | 108.00 | 120.00 | OK | |
r-patched-linux-x86_64 | 0.4.7 | 8.63 | 79.43 | 88.06 | OK | |
r-release-linux-x86_64 | 0.4.7 | 8.22 | 79.34 | 87.56 | OK | |
r-release-macos-arm64 | 0.4.7 | 47.00 | OK | |||
r-release-macos-x86_64 | 0.4.7 | 82.00 | OK | |||
r-release-windows-x86_64 | 0.4.7 | 13.00 | 100.00 | 113.00 | OK | |
r-oldrel-macos-arm64 | 0.4.7 | 41.00 | OK | |||
r-oldrel-macos-x86_64 | 0.4.7 | 51.00 | OK | |||
r-oldrel-windows-x86_64 | 0.4.7 | 13.00 | 105.00 | 118.00 | OK |
Version: 0.4.7
Check: Rd cross-references
Result: NOTE
Undeclared package ‘sfheaders’ in Rd xrefs
Flavor: r-devel-linux-x86_64-fedora-clang