Last updated on 2023-10-04 08:01:44 CEST.
Flavor | Version | Tinstall | Tcheck | Ttotal | Status | Flags |
---|---|---|---|---|---|---|
r-devel-linux-x86_64-debian-clang | 0.2 | 11.60 | 95.30 | 106.90 | NOTE | |
r-devel-linux-x86_64-debian-gcc | 0.2 | 9.65 | 69.96 | 79.61 | NOTE | |
r-devel-linux-x86_64-fedora-clang | 0.2 | 128.97 | NOTE | |||
r-devel-linux-x86_64-fedora-gcc | 0.2 | 124.47 | NOTE | |||
r-devel-windows-x86_64 | 0.2 | 10.00 | 85.00 | 95.00 | NOTE | |
r-patched-linux-x86_64 | 0.2 | 14.57 | 89.38 | 103.95 | NOTE | |
r-release-linux-x86_64 | 0.2 | 7.59 | 89.24 | 96.83 | NOTE | |
r-release-macos-arm64 | 0.2 | 40.00 | NOTE | |||
r-release-macos-x86_64 | 0.2 | 65.00 | NOTE | |||
r-release-windows-x86_64 | 0.2 | 12.00 | 96.00 | 108.00 | NOTE | |
r-oldrel-macos-arm64 | 0.2 | 39.00 | NOTE | |||
r-oldrel-macos-x86_64 | 0.2 | 65.00 | NOTE | |||
r-oldrel-windows-x86_64 | 0.2 | 13.00 | 101.00 | 114.00 | NOTE |
Version: 0.2
Check: LazyData
Result: NOTE
'LazyData' is specified without a 'data' directory
Flavors: r-devel-linux-x86_64-debian-clang, r-devel-linux-x86_64-debian-gcc, r-devel-linux-x86_64-fedora-clang, r-devel-linux-x86_64-fedora-gcc, r-devel-windows-x86_64, r-patched-linux-x86_64, r-release-linux-x86_64, r-release-macos-arm64, r-release-macos-x86_64, r-release-windows-x86_64, r-oldrel-macos-arm64, r-oldrel-macos-x86_64, r-oldrel-windows-x86_64