Last updated on 2023-11-29 07:52:18 CET.
Flavor | Version | Tinstall | Tcheck | Ttotal | Status | Flags |
---|---|---|---|---|---|---|
r-devel-linux-x86_64-debian-clang | 2.0.8 | 47.52 | 111.69 | 159.21 | NOTE | |
r-devel-linux-x86_64-debian-gcc | 2.0.8 | 30.50 | 80.84 | 111.34 | NOTE | |
r-devel-linux-x86_64-fedora-clang | 2.0.8 | 214.12 | NOTE | |||
r-devel-linux-x86_64-fedora-gcc | 2.0.8 | 201.66 | NOTE | |||
r-devel-windows-x86_64 | 2.0.8 | 44.00 | 114.00 | 158.00 | NOTE | |
r-patched-linux-x86_64 | 2.0.8 | 36.95 | 104.41 | 141.36 | NOTE | |
r-release-linux-x86_64 | 2.0.8 | 29.16 | 101.72 | 130.88 | NOTE | |
r-release-macos-arm64 | 2.0.8 | 57.00 | NOTE | |||
r-release-macos-x86_64 | 2.0.8 | 89.00 | NOTE | |||
r-release-windows-x86_64 | 2.0.8 | 57.00 | 136.00 | 193.00 | NOTE | |
r-oldrel-macos-arm64 | 2.0.8 | 44.00 | OK | |||
r-oldrel-macos-x86_64 | 2.0.8 | 71.00 | OK | |||
r-oldrel-windows-x86_64 | 2.0.8 | 46.00 | 134.00 | 180.00 | OK |
Version: 2.0.8
Check: C++ specification
Result: NOTE
Specified C++11: please drop specification unless essential
Flavors: r-devel-linux-x86_64-debian-clang, r-devel-linux-x86_64-debian-gcc, r-devel-linux-x86_64-fedora-clang, r-devel-linux-x86_64-fedora-gcc, r-devel-windows-x86_64, r-patched-linux-x86_64, r-release-linux-x86_64, r-release-macos-arm64, r-release-macos-x86_64, r-release-windows-x86_64