Last updated on 2024-03-28 19:48:38 CET.
Flavor | Version | Tinstall | Tcheck | Ttotal | Status | Flags |
---|---|---|---|---|---|---|
r-devel-linux-x86_64-debian-clang | 2.2.1 | 393.53 | 246.41 | 639.94 | OK | |
r-devel-linux-x86_64-debian-gcc | 2.2.1 | 331.05 | 183.73 | 514.78 | OK | |
r-devel-linux-x86_64-fedora-clang | 2.2.1 | 866.14 | OK | |||
r-devel-linux-x86_64-fedora-gcc | 2.2.1 | 937.74 | OK | |||
r-devel-windows-x86_64 | 2.2.1 | 314.00 | 248.00 | 562.00 | OK | |
r-patched-linux-x86_64 | 2.2.1 | 389.71 | 241.63 | 631.34 | OK | |
r-release-linux-x86_64 | 2.2.1 | 379.07 | 244.43 | 623.50 | OK | |
r-release-macos-arm64 | 2.2.1 | 183.00 | NOTE | |||
r-release-macos-x86_64 | 2.2.1 | 290.00 | NOTE | |||
r-release-windows-x86_64 | 2.2.1 | 401.00 | 293.00 | 694.00 | OK | |
r-oldrel-macos-arm64 | 2.2.1 | 182.00 | NOTE | |||
r-oldrel-windows-x86_64 | 2.2.1 | 371.00 | 270.00 | 641.00 | OK |
Version: 2.2.1
Check: installed package size
Result: NOTE
installed size is 20.3Mb
sub-directories of 1Mb or more:
libs 18.8Mb
Flavors: r-release-macos-arm64, r-release-macos-x86_64, r-oldrel-macos-arm64