CRAN Package Check Results for Package nlive

Last updated on 2023-06-01 08:56:08 CEST.

Flavor Version Tinstall Tcheck Ttotal Status Flags
r-devel-linux-x86_64-debian-clang 0.1.0 17.72 130.92 148.64 OK
r-devel-linux-x86_64-debian-gcc 0.1.0 14.86 99.90 114.76 OK
r-devel-linux-x86_64-fedora-clang 0.1.0 187.83 NOTE
r-devel-linux-x86_64-fedora-gcc 0.1.0 173.65 NOTE
r-devel-windows-x86_64 0.1.0 16.00 105.00 121.00 OK
r-patched-linux-x86_64 0.1.0 OK
r-release-linux-x86_64 0.1.0 13.11 122.98 136.09 OK
r-release-macos-arm64 0.1.0 55.00 OK
r-release-macos-x86_64 0.1.0 92.00 OK
r-release-windows-x86_64 0.1.0 21.00 129.00 150.00 OK
r-oldrel-macos-arm64 0.1.0 48.00 NOTE
r-oldrel-macos-x86_64 0.1.0 70.00 NOTE
r-oldrel-windows-x86_64 0.1.0 21.00 131.00 152.00 OK

Check Details

Version: 0.1.0
Check: dependencies in R code
Result: NOTE
    Namespaces in Imports field not imported from:
     ‘knitr’ ‘nlraa’
     All declared Imports should be used.
Flavors: r-devel-linux-x86_64-fedora-clang, r-devel-linux-x86_64-fedora-gcc, r-oldrel-macos-arm64, r-oldrel-macos-x86_64