Last updated on 2024-04-18 08:54:38 CEST.
Flavor | Version | Tinstall | Tcheck | Ttotal | Status | Flags |
---|---|---|---|---|---|---|
r-devel-linux-x86_64-debian-clang | 1.4.0 | 5.54 | 92.64 | 98.18 | OK | |
r-devel-linux-x86_64-debian-gcc | 1.4.0 | 4.15 | 70.35 | 74.50 | OK | |
r-devel-linux-x86_64-fedora-clang | 1.4.0 | 123.87 | NOTE | |||
r-devel-linux-x86_64-fedora-gcc | 1.4.0 | 137.87 | OK | |||
r-prerel-macos-arm64 | 1.4.0 | 58.00 | OK | |||
r-prerel-windows-x86_64 | 1.4.0 | 7.00 | 110.00 | 117.00 | OK | |
r-patched-linux-x86_64 | 1.4.0 | 6.17 | 89.60 | 95.77 | OK | |
r-release-linux-x86_64 | 1.4.0 | 4.65 | 88.49 | 93.14 | OK | |
r-release-macos-arm64 | 1.4.0 | 71.00 | OK | |||
r-release-macos-x86_64 | 1.4.0 | 154.00 | OK | |||
r-release-windows-x86_64 | 1.4.0 | 8.00 | 116.00 | 124.00 | OK | |
r-oldrel-macos-arm64 | 1.4.0 | 47.00 | OK | |||
r-oldrel-windows-x86_64 | 1.4.0 | 9.00 | 117.00 | 126.00 | OK |
Version: 1.4.0
Check: Rd cross-references
Result: NOTE
Undeclared package ‘yaml’ in Rd xrefs
Flavor: r-devel-linux-x86_64-fedora-clang